{"id":98,"date":"2023-05-09T14:02:19","date_gmt":"2023-05-09T11:02:19","guid":{"rendered":"https:\/\/rakastampere.fi\/jasenille\/?page_id=98"},"modified":"2024-01-24T09:42:08","modified_gmt":"2024-01-24T07:42:08","slug":"tyoryhmat","status":"publish","type":"page","link":"https:\/\/rakastampere.fi\/jasenille\/tyoryhmat\/","title":{"rendered":"Ty\u00f6ryhm\u00e4t"},"content":{"rendered":"\n<p>Yhdistyksell\u00e4 on vuosittain valittavat&nbsp;<strong>ty\u00f6ryhm\u00e4t<\/strong>, joiden toimintaan aktiiviset j\u00e4senet osallistuvat.<br>Ty\u00f6ryhm\u00e4n puheenjohtajana toimii Tampere Tunnetuksi ry:n hallituksen edustaja.<\/p>\n\n\n\n<p><strong>Vuoden 2024 ty\u00f6ryhm\u00e4t:<\/strong><\/p>\n\n\n\n<ul class=\"wp-block-list\">\n<li>Keskustan kauppa ty\u00f6ryhm\u00e4, pj Reeta Thure<\/li>\n\n\n\n<li>Kiinteist\u00f6t ja kolmikanta ty\u00f6ryhm\u00e4, pj Ari-Pekka Lehtonen<\/li>\n\n\n\n<li>Markkinointity\u00f6ryhm\u00e4 (ohjaa Rakas Tampere markkinointitoimia), pj Jenni Pietarila<\/li>\n\n\n\n<li>Kaupunkikehityksen ty\u00f6ryhm\u00e4, tj Riikka T\u00f6yt\u00e4ri<\/li>\n<\/ul>\n\n\n\n<p>Ty\u00f6ryhmien kokoonpanoa p\u00e4ivitet\u00e4\u00e4n vuosittain. <br>Ty\u00f6ryhm\u00e4hauista lis\u00e4tietoa j\u00e4senten uutiskirjeess\u00e4.<\/p>\n","protected":false},"excerpt":{"rendered":"<p>Yhdistyksell\u00e4 on vuosittain valittavat&nbsp;ty\u00f6ryhm\u00e4t, joiden toimintaan aktiiviset j\u00e4senet osallistuvat.Ty\u00f6ryhm\u00e4n puheenjohtajana toimii Tampere Tunnetuksi ry:n hallituksen edustaja. Vuoden 2024 ty\u00f6ryhm\u00e4t: Ty\u00f6ryhmien kokoonpanoa p\u00e4ivitet\u00e4\u00e4n vuosittain. Ty\u00f6ryhm\u00e4hauista lis\u00e4tietoa j\u00e4senten uutiskirjeess\u00e4.<\/p>\n","protected":false},"author":3,"featured_media":0,"parent":0,"menu_order":0,"comment_status":"closed","ping_status":"closed","template":"","meta":{"_acf_changed":false,"content-type":"","footnotes":""},"class_list":["post-98","page","type-page","status-publish","hentry"],"acf":[],"aioseo_notices":[],"_links":{"self":[{"href":"https:\/\/rakastampere.fi\/jasenille\/wp-json\/wp\/v2\/pages\/98","targetHints":{"allow":["GET"]}}],"collection":[{"href":"https:\/\/rakastampere.fi\/jasenille\/wp-json\/wp\/v2\/pages"}],"about":[{"href":"https:\/\/rakastampere.fi\/jasenille\/wp-json\/wp\/v2\/types\/page"}],"author":[{"embeddable":true,"href":"https:\/\/rakastampere.fi\/jasenille\/wp-json\/wp\/v2\/users\/3"}],"replies":[{"embeddable":true,"href":"https:\/\/rakastampere.fi\/jasenille\/wp-json\/wp\/v2\/comments?post=98"}],"version-history":[{"count":5,"href":"https:\/\/rakastampere.fi\/jasenille\/wp-json\/wp\/v2\/pages\/98\/revisions"}],"predecessor-version":[{"id":771,"href":"https:\/\/rakastampere.fi\/jasenille\/wp-json\/wp\/v2\/pages\/98\/revisions\/771"}],"wp:attachment":[{"href":"https:\/\/rakastampere.fi\/jasenille\/wp-json\/wp\/v2\/media?parent=98"}],"curies":[{"name":"wp","href":"https:\/\/api.w.org\/{rel}","templated":true}]}}

Työryhmät

<p>Yhdistyksellä on vuosittain valittavat&nbsp;<strong>työryhmät</strong>, joiden toimintaan aktiiviset jäsenet osallistuvat.<br>Työryhmän puheenjohtajana toimii Tampere Tunnetuksi ry:n hallituksen edustaja.</p>



<p><strong>Vuoden 2024 työryhmät:</strong></p>



<ul class="wp-block-list">
<li>Keskustan kauppa työryhmä, pj Reeta Thure</li>



<li>Kiinteistöt ja kolmikanta työryhmä, pj Ari-Pekka Lehtonen</li>



<li>Markkinointityöryhmä (ohjaa Rakas Tampere markkinointitoimia), pj Jenni Pietarila</li>



<li>Kaupunkikehityksen työryhmä, tj Riikka Töytäri</li>
</ul>



<p>Työryhmien kokoonpanoa päivitetään vuosittain. <br>Työryhmähauista lisätietoa jäsenten uutiskirjeessä.</p>

<p>Yhdistyksellä on vuosittain valittavat&nbsp;työryhmät, joiden toimintaan aktiiviset jäsenet osallistuvat.Työryhmän puheenjohtajana toimii Tampere Tunnetuksi ry:n hallituksen edustaja. Vuoden 2024 työryhmät: Työryhmien kokoonpanoa päivitetään vuosittain. Työryhmähauista lisätietoa jäsenten uutiskirjeessä.</p>
