{"id":890,"date":"2024-05-06T11:21:49","date_gmt":"2024-05-06T08:21:49","guid":{"rendered":"https:\/\/rakastampere.fi\/jasenille\/?page_id=890"},"modified":"2024-11-11T13:12:59","modified_gmt":"2024-11-11T11:12:59","slug":"joulu-tampere-2024","status":"publish","type":"page","link":"https:\/\/rakastampere.fi\/jasenille\/joulu-tampere-2024\/","title":{"rendered":"Joulu Tampere 2024"},"content":{"rendered":"\n<figure class=\"wp-block-image size-full\"><img loading=\"lazy\" decoding=\"async\" width=\"1024\" height=\"750\" src=\"https:\/\/rakastampere.fi\/jasenille\/wp-content\/uploads\/sites\/2\/2024\/04\/Joulunavaus2021_Annapastak_3656.jpg\" alt=\"\" class=\"wp-image-891\" srcset=\"https:\/\/rakastampere.fi\/jasenille\/wp-content\/uploads\/sites\/2\/2024\/04\/Joulunavaus2021_Annapastak_3656.jpg 1024w, https:\/\/rakastampere.fi\/jasenille\/wp-content\/uploads\/sites\/2\/2024\/04\/Joulunavaus2021_Annapastak_3656-800x586.jpg 800w, https:\/\/rakastampere.fi\/jasenille\/wp-content\/uploads\/sites\/2\/2024\/04\/Joulunavaus2021_Annapastak_3656-768x563.jpg 768w\" sizes=\"auto, (max-width: 1024px) 100vw, 1024px\" \/><\/figure>\n\n\n\n<h5 class=\"wp-block-heading\"><strong>Tampere Tunnetuksi ry:n kutsuu kaikkia j\u00e4seni\u00e4\u00e4n kampanjoimaan tulevana joulusesonkina 2024! <\/strong><\/h5>\n\n\n\n<p>Luodaan j\u00e4lleen yhdess\u00e4 kutsuva tunnelmallinen Tampereen ydinkeskusta, jossa on kiinnostavia tapahtumia ja mielenkiintoisia ostoskohteita. <\/p>\n\n\n\n<p><\/p>\n\n\n\n<p><strong>Joulun 2024 markkinointikokonaisuus koostuu nelj\u00e4st\u00e4 osasta:<\/strong><\/p>\n\n\n\n<ul class=\"wp-block-list\">\n<li>Kaunein Jouluikkuna -kilpailusta<\/li>\n\n\n\n<li>Sosiaalisen median suositusta joulukalenteriarvonnasta<\/li>\n\n\n\n<li>Perinteisest\u00e4 joulunavauksesta ja jouluparaatista lauantaina 23.11.2024<\/li>\n\n\n\n<li>(<strong>Joululehdest\u00e4  &#8211; EDIT 11.9.2024 JOULULEHTEEN EI ILMOITTAUTUNUT RIITT\u00c4\u00c4V\u00c4\u00c4 OSALLISTUJAM\u00c4\u00c4R\u00c4\u00c4! Tilalle on luotu uusi DIGI-kampanja: <mark class=\"has-inline-color has-green-color\">Lue lis\u00e4\u00e4<\/mark><\/strong> ) <\/li>\n<\/ul>\n\n\n\n<h2 class=\"wp-block-heading\">Ilmoittautuminen on sulkeutunut! \/ ENSI VUONNA UUSI YRITYS!<\/h2>\n\n\n\n<h2 class=\"wp-block-heading\">KAUNEIN JOULUIKKUNA -kilpailu<\/h2>\n\n\n\n<p class=\"has-white-color has-green-background-color has-text-color has-background has-link-color wp-elements-2d8459495eba5d4c7cd2ccee6e061940\"><strong>Aikaisempinakin vuosina toteutettu Rakas Tampereen ja DesignOnTampereen suosittu tempaus kutsuu ihmisi\u00e4 k\u00e4velylle ja ostoksille keskustaan.<\/strong><\/p>\n\n\n\n<p>Kilpailuun osallistuminen: ilmoittaudu mukaan ja luo yrityksesi n\u00e4k\u00f6inen ja tunnelmallinen n\u00e4yteikkunasomistus. Voittajasta tehd\u00e4\u00e4n mediatiedote ja artikkeli <a href=\"https:\/\/rakastampere.fi\/blog\/metkunen-voitti-kaunein-jouluikkuna-kisan\/\" title=\"Rakas Tampere-verkkosivuille\">Rakas Tampere-verkkosivuille<\/a>. <\/p>\n\n\n\n<p>Yhdistys tuottaa osallistujille numeroidut tarrat ikkunoihin ja luo kilpailun ymp\u00e4rille sosiaalisen median kampanjan. T\u00e4m\u00e4n lis\u00e4ksi osallistujaikkunat k\u00e4yd\u00e4\u00e4n kuvaamassa erikseen iltavalaistuksessa perjantaina 22.11.2024 ja viel\u00e4 p\u00e4iv\u00e4nvalossa 23.11.  ja ikkunat esitell\u00e4\u00e4n Rakas Tampere-verkkosivuilla. \u00c4\u00e4nest\u00e4jien kesken arvotaan mittava palkinto, yhdistys maksaa arvontaveron.<\/p>\n\n\n\n<p><strong>Osallistumishinta:<\/strong><\/p>\n\n\n\n<p><strong>100 \u20ac + alv 24 %<\/strong><\/p>\n\n\n\n<p>Kartta kohteista julkaistaan Rakas Tampere -verkkosivuilla sek\u00e4 kilpailua markkinoidaan my\u00f6s Tampereen Joulu-lehdess\u00e4. <\/p>\n\n\n\n<p>Kampanja-aika: 23.11.\u2014 22.12.2024<br>Kilpailupaikkojen varaus dl: ma 4.11.2024 (t\u00e4rke\u00e4\u00e4 tarrojen painoa ja jakelua varten)<\/p>\n\n\n\n<p><strong>L\u00e4hde mukaan kampanjaan: Ilmoittautumislomake on sivun alaosassa<\/strong>.<\/p>\n\n\n\n<hr class=\"wp-block-separator has-alpha-channel-opacity\" \/>\n\n\n\n<h2 class=\"wp-block-heading\"><strong>JOULUKALENTERI -arvonnat<\/strong><\/h2>\n\n\n\n<p class=\"has-white-color has-green-background-color has-text-color has-background has-link-color wp-elements-4a9912dd924b2f85bb74fd5f568e4751\"><strong>Aikaisempina vuosina toteutettu joulukalenteri toteutetaan my\u00f6s t\u00e4n\u00e4 vuonna! Kalenteripaikkoja on 23 ja paikat t\u00e4ytet\u00e4\u00e4n ilmoittautumisj\u00e4rjestyksess\u00e4.<\/strong><\/p>\n\n\n\n<p>Suosittu kalenteri on saanut ihmisi\u00e4 aktivoitumaan sosiaalisessa mediassa runsain mitoin ja se on yritykselle paikka kertoa itsest\u00e4\u00e4n. Kalenteri toteutetaan Rakas Tampereen Facebook\u2013 ja Instagram-kanavilla.<\/p>\n\n\n\n<p>Kilpailuun osallistuminen: ilmoittaudu mukaan ja l\u00e4het\u00e4 tuottajalle yrityksesi n\u00e4k\u00f6inen kalenterikuva ja arvontatekstin perussis\u00e4lt\u00f6. Yhdistys hoitaa arvonnan sosiaalisen median kautta markkinoiden sit\u00e4 laajalti. Yhdistys ilmoittaa voittajasta yritykselle, joka toimittaa palkinnon edelleen itse voittajalle. Yhdistys hoitaa arvontaveron. <\/p>\n\n\n\n<p><strong>Osallistumishinta:<\/strong><\/p>\n\n\n\n<p><strong>100 \u20ac + alv 24 %<\/strong><br>Kampanja-aika: 1.12.\u2014 23.12.2024<br>Kilpailupaikkojen varaus viimeist\u00e4\u00e4n: 15.11.2024, paikat varataan ilmoittautumisj\u00e4rjestyksess\u00e4.<\/p>\n\n\n\n<p><strong>L\u00e4hde mukaan kampanjaan: Ilmoittautumislomake on sivun alaosassa<\/strong>!<\/p>\n\n\n\n<hr class=\"wp-block-separator has-alpha-channel-opacity\" \/>\n\n\n\n<h2 class=\"wp-block-heading\">JOULUNAVAUS JA JOULUPARAATI <\/h2>\n\n\n\n<p class=\"has-white-color has-green-background-color has-text-color has-background has-link-color wp-elements-4f28858dc51c5ffd3bdc94764f106a76\"><strong>Perinteinen joulun avaus j\u00e4rjestet\u00e4\u00e4n lauantaina 23.11.2024 &#8211; Huom! P\u00e4iv\u00e4 on vaihtunut sunnuntaista lauantaille.<\/strong><\/p>\n\n\n\n<p> <br>Ohjelmassa on paraatin lis\u00e4ksi tapahtumaa Keskustorilla.<\/p>\n\n\n\n<p>Levit\u00e4 hyv\u00e4\u00e4 mielt\u00e4 ja ker\u00e4\u00e4 yrityksen jouluinen porukka mukaan pukkiparaatiin!<\/p>\n\n\n\n<ul class=\"wp-block-list\">\n<li>Paraatiin voivat tulla mukaan yhteis\u00f6t, harrasteporukat tai yrityksen edustajat.<\/li>\n\n\n\n<li>Vaatimuksina: ryhm\u00e4n koko v\u00e4hint\u00e4\u00e4n 6 henkil\u00f6\u00e4 \/ el\u00e4int\u00e4. Iloinen joulumieli tulee n\u00e4ky\u00e4!<\/li>\n<\/ul>\n\n\n\n<p>Ilmoittautuminen paraatiin viimeist\u00e4\u00e4n maanantaihin 11.11.2024 menness\u00e4.<br><\/p>\n\n\n\n<h3 class=\"wp-block-heading\">HUOM! Joululehti ei toteudu vuonna 2024. (Lomakkeella tiedot viel\u00e4 ovat)<\/h3>\n\n\n\n<div class=\"wp-block-buttons is-layout-flex wp-block-buttons-is-layout-flex\">\n<div class=\"wp-block-button\"><a class=\"wp-block-button__link wp-element-button\" href=\"https:\/\/rakastampere.fi\/jasenille\/yhteys\/\">Yhteystiedot<\/a><\/div>\n<\/div>\n\n\n\n","protected":false},"excerpt":{"rendered":"<p>Tampere Tunnetuksi ry:n kutsuu kaikkia j\u00e4seni\u00e4\u00e4n kampanjoimaan tulevana joulusesonkina 2024! Luodaan j\u00e4lleen yhdess\u00e4 kutsuva tunnelmallinen Tampereen ydinkeskusta, jossa on kiinnostavia tapahtumia ja mielenkiintoisia ostoskohteita. Joulun 2024 markkinointikokonaisuus koostuu nelj\u00e4st\u00e4 osasta: Ilmoittautuminen on sulkeutunut! \/ ENSI VUONNA UUSI YRITYS! KAUNEIN JOULUIKKUNA -kilpailu Aikaisempinakin vuosina toteutettu Rakas Tampereen ja DesignOnTampereen suosittu tempaus kutsuu ihmisi\u00e4 k\u00e4velylle ja ostoksille [&hellip;]<\/p>\n","protected":false},"author":5,"featured_media":891,"parent":0,"menu_order":0,"comment_status":"closed","ping_status":"closed","template":"","meta":{"_acf_changed":false,"content-type":"","footnotes":""},"class_list":["post-890","page","type-page","status-publish","has-post-thumbnail","hentry"],"acf":[],"aioseo_notices":[],"_links":{"self":[{"href":"https:\/\/rakastampere.fi\/jasenille\/wp-json\/wp\/v2\/pages\/890","targetHints":{"allow":["GET"]}}],"collection":[{"href":"https:\/\/rakastampere.fi\/jasenille\/wp-json\/wp\/v2\/pages"}],"about":[{"href":"https:\/\/rakastampere.fi\/jasenille\/wp-json\/wp\/v2\/types\/page"}],"author":[{"embeddable":true,"href":"https:\/\/rakastampere.fi\/jasenille\/wp-json\/wp\/v2\/users\/5"}],"replies":[{"embeddable":true,"href":"https:\/\/rakastampere.fi\/jasenille\/wp-json\/wp\/v2\/comments?post=890"}],"version-history":[{"count":15,"href":"https:\/\/rakastampere.fi\/jasenille\/wp-json\/wp\/v2\/pages\/890\/revisions"}],"predecessor-version":[{"id":1147,"href":"https:\/\/rakastampere.fi\/jasenille\/wp-json\/wp\/v2\/pages\/890\/revisions\/1147"}],"wp:featuredmedia":[{"embeddable":true,"href":"https:\/\/rakastampere.fi\/jasenille\/wp-json\/wp\/v2\/media\/891"}],"wp:attachment":[{"href":"https:\/\/rakastampere.fi\/jasenille\/wp-json\/wp\/v2\/media?parent=890"}],"curies":[{"name":"wp","href":"https:\/\/api.w.org\/{rel}","templated":true}]}}

<figure class="wp-block-image size-full"><img loading="lazy" decoding="async" width="1024" height="750" src="https://rakastampere.fi/jasenille/wp-content/uploads/sites/2/2024/04/Joulunavaus2021_Annapastak_3656.jpg" alt="" class="wp-image-891" srcset="https://rakastampere.fi/jasenille/wp-content/uploads/sites/2/2024/04/Joulunavaus2021_Annapastak_3656.jpg 1024w, https://rakastampere.fi/jasenille/wp-content/uploads/sites/2/2024/04/Joulunavaus2021_Annapastak_3656-800x586.jpg 800w, https://rakastampere.fi/jasenille/wp-content/uploads/sites/2/2024/04/Joulunavaus2021_Annapastak_3656-768x563.jpg 768w" sizes="auto, (max-width: 1024px) 100vw, 1024px" /></figure>



<h5 class="wp-block-heading"><strong>Tampere Tunnetuksi ry:n kutsuu kaikkia jäseniään kampanjoimaan tulevana joulusesonkina 2024! </strong></h5>



<p>Luodaan jälleen yhdessä kutsuva tunnelmallinen Tampereen ydinkeskusta, jossa on kiinnostavia tapahtumia ja mielenkiintoisia ostoskohteita. </p>



<p></p>



<p><strong>Joulun 2024 markkinointikokonaisuus koostuu neljästä osasta:</strong></p>



<ul class="wp-block-list">
<li>Kaunein Jouluikkuna -kilpailusta</li>



<li>Sosiaalisen median suositusta joulukalenteriarvonnasta</li>



<li>Perinteisestä joulunavauksesta ja jouluparaatista lauantaina 23.11.2024</li>



<li>(<strong>Joululehdestä  &#8211; EDIT 11.9.2024 JOULULEHTEEN EI ILMOITTAUTUNUT RIITTÄÄVÄÄ OSALLISTUJAMÄÄRÄÄ! Tilalle on luotu uusi DIGI-kampanja: <mark class="has-inline-color has-green-color">Lue lisää</mark></strong> ) </li>
</ul>



<h2 class="wp-block-heading">Ilmoittautuminen on sulkeutunut! / ENSI VUONNA UUSI YRITYS!</h2>



<h2 class="wp-block-heading">KAUNEIN JOULUIKKUNA -kilpailu</h2>



<p class="has-white-color has-green-background-color has-text-color has-background has-link-color wp-elements-2d8459495eba5d4c7cd2ccee6e061940"><strong>Aikaisempinakin vuosina toteutettu Rakas Tampereen ja DesignOnTampereen suosittu tempaus kutsuu ihmisiä kävelylle ja ostoksille keskustaan.</strong></p>



<p>Kilpailuun osallistuminen: ilmoittaudu mukaan ja luo yrityksesi näköinen ja tunnelmallinen näyteikkunasomistus. Voittajasta tehdään mediatiedote ja artikkeli <a href="https://rakastampere.fi/blog/metkunen-voitti-kaunein-jouluikkuna-kisan/" title="Rakas Tampere-verkkosivuille">Rakas Tampere-verkkosivuille</a>. </p>



<p>Yhdistys tuottaa osallistujille numeroidut tarrat ikkunoihin ja luo kilpailun ympärille sosiaalisen median kampanjan. Tämän lisäksi osallistujaikkunat käydään kuvaamassa erikseen iltavalaistuksessa perjantaina 22.11.2024 ja vielä päivänvalossa 23.11.  ja ikkunat esitellään Rakas Tampere-verkkosivuilla. Äänestäjien kesken arvotaan mittava palkinto, yhdistys maksaa arvontaveron.</p>



<p><strong>Osallistumishinta:</strong></p>



<p><strong>100 € + alv 24 %</strong></p>



<p>Kartta kohteista julkaistaan Rakas Tampere -verkkosivuilla sekä kilpailua markkinoidaan myös Tampereen Joulu-lehdessä. </p>



<p>Kampanja-aika: 23.11.— 22.12.2024<br>Kilpailupaikkojen varaus dl: ma 4.11.2024 (tärkeää tarrojen painoa ja jakelua varten)</p>



<p><strong>Lähde mukaan kampanjaan: Ilmoittautumislomake on sivun alaosassa</strong>.</p>



<hr class="wp-block-separator has-alpha-channel-opacity" />



<h2 class="wp-block-heading"><strong>JOULUKALENTERI -arvonnat</strong></h2>



<p class="has-white-color has-green-background-color has-text-color has-background has-link-color wp-elements-4a9912dd924b2f85bb74fd5f568e4751"><strong>Aikaisempina vuosina toteutettu joulukalenteri toteutetaan myös tänä vuonna! Kalenteripaikkoja on 23 ja paikat täytetään ilmoittautumisjärjestyksessä.</strong></p>



<p>Suosittu kalenteri on saanut ihmisiä aktivoitumaan sosiaalisessa mediassa runsain mitoin ja se on yritykselle paikka kertoa itsestään. Kalenteri toteutetaan Rakas Tampereen Facebook– ja Instagram-kanavilla.</p>



<p>Kilpailuun osallistuminen: ilmoittaudu mukaan ja lähetä tuottajalle yrityksesi näköinen kalenterikuva ja arvontatekstin perussisältö. Yhdistys hoitaa arvonnan sosiaalisen median kautta markkinoiden sitä laajalti. Yhdistys ilmoittaa voittajasta yritykselle, joka toimittaa palkinnon edelleen itse voittajalle. Yhdistys hoitaa arvontaveron. </p>



<p><strong>Osallistumishinta:</strong></p>



<p><strong>100 € + alv 24 %</strong><br>Kampanja-aika: 1.12.— 23.12.2024<br>Kilpailupaikkojen varaus viimeistään: 15.11.2024, paikat varataan ilmoittautumisjärjestyksessä.</p>



<p><strong>Lähde mukaan kampanjaan: Ilmoittautumislomake on sivun alaosassa</strong>!</p>



<hr class="wp-block-separator has-alpha-channel-opacity" />



<h2 class="wp-block-heading">JOULUNAVAUS JA JOULUPARAATI </h2>



<p class="has-white-color has-green-background-color has-text-color has-background has-link-color wp-elements-4f28858dc51c5ffd3bdc94764f106a76"><strong>Perinteinen joulun avaus järjestetään lauantaina 23.11.2024 &#8211; Huom! Päivä on vaihtunut sunnuntaista lauantaille.</strong></p>



<p> <br>Ohjelmassa on paraatin lisäksi tapahtumaa Keskustorilla.</p>



<p>Levitä hyvää mieltä ja kerää yrityksen jouluinen porukka mukaan pukkiparaatiin!</p>



<ul class="wp-block-list">
<li>Paraatiin voivat tulla mukaan yhteisöt, harrasteporukat tai yrityksen edustajat.</li>



<li>Vaatimuksina: ryhmän koko vähintään 6 henkilöä / eläintä. Iloinen joulumieli tulee näkyä!</li>
</ul>



<p>Ilmoittautuminen paraatiin viimeistään maanantaihin 11.11.2024 mennessä.<br></p>



<h3 class="wp-block-heading">HUOM! Joululehti ei toteudu vuonna 2024. (Lomakkeella tiedot vielä ovat)</h3>



<div class="wp-block-buttons is-layout-flex wp-block-buttons-is-layout-flex">
<div class="wp-block-button"><a class="wp-block-button__link wp-element-button" href="https://rakastampere.fi/jasenille/yhteys/">Yhteystiedot</a></div>
</div>

<p>Tampere Tunnetuksi ry:n kutsuu kaikkia jäseniään kampanjoimaan tulevana joulusesonkina 2024! Luodaan jälleen yhdessä kutsuva tunnelmallinen Tampereen ydinkeskusta, jossa on kiinnostavia tapahtumia ja mielenkiintoisia ostoskohteita. Joulun 2024 markkinointikokonaisuus koostuu neljästä osasta: Ilmoittautuminen on sulkeutunut! / ENSI VUONNA UUSI YRITYS! KAUNEIN JOULUIKKUNA -kilpailu Aikaisempinakin vuosina toteutettu Rakas Tampereen ja DesignOnTampereen suosittu tempaus kutsuu ihmisiä kävelylle ja ostoksille [&hellip;]</p>
