{"id":86,"date":"2023-05-09T13:59:58","date_gmt":"2023-05-09T10:59:58","guid":{"rendered":"https:\/\/rakastampere.fi\/jasenille\/?page_id=86"},"modified":"2025-12-09T16:50:40","modified_gmt":"2025-12-09T14:50:40","slug":"historia","status":"publish","type":"page","link":"https:\/\/rakastampere.fi\/jasenille\/historia\/","title":{"rendered":"Historia"},"content":{"rendered":"\n<p>Tampere Tunnetuksi ry perustettiin vuonna 1965. Yhdistyksen ensimm\u00e4isi\u00e4 teht\u00e4vi\u00e4 oli huolehtia Valoviikkojen valokuvioista ja 1980-luvulla Kukkaisviikot syntyiv\u00e4t kaupunkifestareiden iso\u00e4idiksi. <\/p>\n\n\n\n<h3 class=\"wp-block-heading\"><strong>Yhdistyksen puheenjohtajina ovat toimineet:<\/strong><\/h3>\n\n\n\n<p>2024 &#8211; kauppias Marko Laaksonen, K-Supermarket Ratina <\/p>\n\n\n\n<p>2019-2023 takkikauppias Erika Hild\u00e9n, Hilden Oy<\/p>\n\n\n\n<p>2018 yritt\u00e4j\u00e4 Taru Hein\u00e4nen, Seele<\/p>\n\n\n\n<p>2014-2017Johtaja Panu Raipia, Tampereen Komediateatteri<\/p>\n\n\n\n<p>2012-2013 Kauppakeskusp\u00e4\u00e4llikk\u00f6 Kai Niinim\u00e4ki, Citycon Oyj<\/p>\n\n\n\n<p>2011-2012 Toimialajohtaja Mirko L\u00e4nnenp\u00e4\u00e4, Pirkanmaan Osuuskauppa<\/p>\n\n\n\n<p>2006-2010 Aluejohtaja Eija Tahvanainen, Citycon Oyj<\/p>\n\n\n\n<p>2001-2006 Tavaratalon johtaja Eija Vartila, Stockmann<\/p>\n\n\n\n<p>1997-2001 Tavaratalon johtaja Veikko Pavela, Sokos<\/p>\n\n\n\n<p>1986-1997 Johtaja Timo Toivonen, SYP<\/p>\n\n\n\n<p>1982-1986 Toimitusjohtaja Vesa Pennanen, Tampereen Pys\u00e4k\u00f6intitalo<\/p>\n\n\n\n<p>1974-1982 Tavaratalop\u00e4\u00e4llikk\u00f6 Seppo R\u00f6nkk\u00f6nen, Stockmann<\/p>\n\n\n\n<p>1970-1974 Johtaja Jan Heikkil\u00e4, Stockmann<\/p>\n\n\n\n<p>1969-1970 Johtaja Viktor Jansson, Stockmann<\/p>\n\n\n\n<p>1965-1969 Kauppaneuvos Aarne V\u00e4lim\u00e4ki, Osuusliike Voima<\/p>\n\n\n\n<p><\/p>\n\n\n\n<h3 class=\"wp-block-heading\">Kukkaispormestarit<\/h3>\n\n\n\n<p>Tampere Tunnetuksi ry on my\u00f6nt\u00e4nyt vuosina 1984-2022 Kukkaispormestari -tittelin tamperelaisuuden, elinkeinoel\u00e4m\u00e4n ja kulttuurin puolestapuhujalle.&nbsp;<\/p>\n\n\n\n<p>2022 ravintoloitsija&nbsp;<a href=\"https:\/\/tamperetunnetuksi.fi\/kukkaispormestari-2022\/\" target=\"_blank\" rel=\"noreferrer noopener\">Arto Rastas<\/a><\/p>\n\n\n\n<p>2021 toimitusjohtaja&nbsp;<a href=\"https:\/\/tamperetunnetuksi.fi\/kukkaispormestari-2021\/\">Miikka Sepp\u00e4l\u00e4<\/a><\/p>\n\n\n\n<p>2020 toimitusjohtaja&nbsp;<a href=\"https:\/\/tamperetunnetuksi.fi\/kukkaispormestari-2020\/\" target=\"_blank\" rel=\"noreferrer noopener\">Pauliina Ahokas<\/a><\/p>\n\n\n\n<p>2019 kansantaiteilija&nbsp;<a href=\"https:\/\/tamperetunnetuksi.fi\/kukkaispormestari-2019-on-mikko-alatalo\/\" target=\"_blank\" rel=\"noreferrer noopener\">Mikko Alatalo<\/a><\/p>\n\n\n\n<p>2018 kalakauppias&nbsp;<a href=\"https:\/\/tamperetunnetuksi.fi\/kukkaistytto-ja-kukkaispormestari-2018\/\" target=\"_blank\" rel=\"noreferrer noopener\">Petri Nygr\u00e9n<\/a><\/p>\n\n\n\n<p>2017 toimitusjohtaja Pasi M\u00e4kinen<\/p>\n\n\n\n<p>2016 toiminnanjohtaja Heidi Martikainen<\/p>\n\n\n\n<p>2015 vuorineuvos Kari Neilimo<\/p>\n\n\n\n<p>2014 projektijohtaja Esko Raipia<\/p>\n\n\n\n<p>2013 konsernijohtaja Kirsi Koski<\/p>\n\n\n\n<p>2012 hallituksen puheenjohtaja Keijo Olander<\/p>\n\n\n\n<p>2011 teatterinjohtaja, n\u00e4yttelij\u00e4 Riku Suokas<\/p>\n\n\n\n<p>2010 oopperalaulaja Jaakko Ryh\u00e4nen<\/p>\n\n\n\n<p>2009 toiminnanjohtaja Maarit Tammisto<\/p>\n\n\n\n<p>2008 j\u00e4\u00e4kiekkolegenda, yritt\u00e4j\u00e4 Raimo Helminen<\/p>\n\n\n\n<p>2007 apulaispormestari Irja Tulonen<\/p>\n\n\n\n<p>2006 toimitusjohtaja Kai Telanne<\/p>\n\n\n\n<p>2005 lastenpsykiatrian professori Tuula Tamminen<\/p>\n\n\n\n<p>2004 pankinjohtaja Timo Toivonen<\/p>\n\n\n\n<p>2003 piispa Juha Pihkala<\/p>\n\n\n\n<p>2002 kongressip\u00e4\u00e4llikk\u00f6 Anja Aarnio<\/p>\n\n\n\n<p>2001 kansanedustaja Kari Kantalainen<\/p>\n\n\n\n<p>2000 teatterinjohtaja Esko Roine<\/p>\n\n\n\n<p>1999 ministeri Kimmo Sasi<\/p>\n\n\n\n<p>1998 kaupunginhallituksen puheenjohtaja Timo P. Nieminen<\/p>\n\n\n\n<p>1997 valtuuston puheenjohtaja Seppo Salminen<\/p>\n\n\n\n<p>1996 hotellinjohtaja Pirjo Ojanper\u00e4<\/p>\n\n\n\n<p>1995 toimitusjohtaja Kalervo Kummola<\/p>\n\n\n\n<p>1994 elinkeinojohtaja Riitta Varpe<\/p>\n\n\n\n<p>1993 toimitusjohtaja Matti Hokkanen<\/p>\n\n\n\n<p>1992 toimitusjohtaja Carl \u00d6hman<\/p>\n\n\n\n<p>1991 toimitusjohtaja Toivo Honkonen<\/p>\n\n\n\n<p>1990 maaherra Risto Tainio<\/p>\n\n\n\n<p>1989 toimitusjohtaja Saara Sinivuori<\/p>\n\n\n\n<p>1988 apulaiskaupunginjohtaja Kaarina Suonio<\/p>\n\n\n\n<p>1987 toimitusjohtaja Harri Sucksdorff<\/p>\n\n\n\n<p>1986 kaupunginjohtaja Jarmo Rantanen<\/p>\n\n\n\n<p>1985 sosiaalineuvos Matti Koponen<\/p>\n\n\n\n<p>1984 kaupunkineuvos Vilho Halme<\/p>\n\n\n\n<p><\/p>\n","protected":false},"excerpt":{"rendered":"<p>Tampere Tunnetuksi ry perustettiin vuonna 1965. Yhdistyksen ensimm\u00e4isi\u00e4 teht\u00e4vi\u00e4 oli huolehtia Valoviikkojen valokuvioista ja 1980-luvulla Kukkaisviikot syntyiv\u00e4t kaupunkifestareiden iso\u00e4idiksi. Yhdistyksen puheenjohtajina ovat toimineet: 2024 &#8211; kauppias Marko Laaksonen, K-Supermarket Ratina 2019-2023 takkikauppias Erika Hild\u00e9n, Hilden Oy 2018 yritt\u00e4j\u00e4 Taru Hein\u00e4nen, Seele 2014-2017Johtaja Panu Raipia, Tampereen Komediateatteri 2012-2013 Kauppakeskusp\u00e4\u00e4llikk\u00f6 Kai Niinim\u00e4ki, Citycon Oyj 2011-2012 Toimialajohtaja Mirko [&hellip;]<\/p>\n","protected":false},"author":3,"featured_media":0,"parent":0,"menu_order":0,"comment_status":"closed","ping_status":"closed","template":"","meta":{"_acf_changed":false,"content-type":"","footnotes":""},"class_list":["post-86","page","type-page","status-publish","hentry"],"acf":[],"aioseo_notices":[],"_links":{"self":[{"href":"https:\/\/rakastampere.fi\/jasenille\/wp-json\/wp\/v2\/pages\/86","targetHints":{"allow":["GET"]}}],"collection":[{"href":"https:\/\/rakastampere.fi\/jasenille\/wp-json\/wp\/v2\/pages"}],"about":[{"href":"https:\/\/rakastampere.fi\/jasenille\/wp-json\/wp\/v2\/types\/page"}],"author":[{"embeddable":true,"href":"https:\/\/rakastampere.fi\/jasenille\/wp-json\/wp\/v2\/users\/3"}],"replies":[{"embeddable":true,"href":"https:\/\/rakastampere.fi\/jasenille\/wp-json\/wp\/v2\/comments?post=86"}],"version-history":[{"count":11,"href":"https:\/\/rakastampere.fi\/jasenille\/wp-json\/wp\/v2\/pages\/86\/revisions"}],"predecessor-version":[{"id":1816,"href":"https:\/\/rakastampere.fi\/jasenille\/wp-json\/wp\/v2\/pages\/86\/revisions\/1816"}],"wp:attachment":[{"href":"https:\/\/rakastampere.fi\/jasenille\/wp-json\/wp\/v2\/media?parent=86"}],"curies":[{"name":"wp","href":"https:\/\/api.w.org\/{rel}","templated":true}]}}

<p>Tampere Tunnetuksi ry perustettiin vuonna 1965. Yhdistyksen ensimmäisiä tehtäviä oli huolehtia Valoviikkojen valokuvioista ja 1980-luvulla Kukkaisviikot syntyivät kaupunkifestareiden isoäidiksi. </p>



<h3 class="wp-block-heading"><strong>Yhdistyksen puheenjohtajina ovat toimineet:</strong></h3>



<p>2024 &#8211; kauppias Marko Laaksonen, K-Supermarket Ratina </p>



<p>2019-2023 takkikauppias Erika Hildén, Hilden Oy</p>



<p>2018 yrittäjä Taru Heinänen, Seele</p>



<p>2014-2017Johtaja Panu Raipia, Tampereen Komediateatteri</p>



<p>2012-2013 Kauppakeskuspäällikkö Kai Niinimäki, Citycon Oyj</p>



<p>2011-2012 Toimialajohtaja Mirko Lännenpää, Pirkanmaan Osuuskauppa</p>



<p>2006-2010 Aluejohtaja Eija Tahvanainen, Citycon Oyj</p>



<p>2001-2006 Tavaratalon johtaja Eija Vartila, Stockmann</p>



<p>1997-2001 Tavaratalon johtaja Veikko Pavela, Sokos</p>



<p>1986-1997 Johtaja Timo Toivonen, SYP</p>



<p>1982-1986 Toimitusjohtaja Vesa Pennanen, Tampereen Pysäköintitalo</p>



<p>1974-1982 Tavaratalopäällikkö Seppo Rönkkönen, Stockmann</p>



<p>1970-1974 Johtaja Jan Heikkilä, Stockmann</p>



<p>1969-1970 Johtaja Viktor Jansson, Stockmann</p>



<p>1965-1969 Kauppaneuvos Aarne Välimäki, Osuusliike Voima</p>



<p></p>



<h3 class="wp-block-heading">Kukkaispormestarit</h3>



<p>Tampere Tunnetuksi ry on myöntänyt vuosina 1984-2022 Kukkaispormestari -tittelin tamperelaisuuden, elinkeinoelämän ja kulttuurin puolestapuhujalle.&nbsp;</p>



<p>2022 ravintoloitsija&nbsp;<a href="https://tamperetunnetuksi.fi/kukkaispormestari-2022/" target="_blank" rel="noreferrer noopener">Arto Rastas</a></p>



<p>2021 toimitusjohtaja&nbsp;<a href="https://tamperetunnetuksi.fi/kukkaispormestari-2021/">Miikka Seppälä</a></p>



<p>2020 toimitusjohtaja&nbsp;<a href="https://tamperetunnetuksi.fi/kukkaispormestari-2020/" target="_blank" rel="noreferrer noopener">Pauliina Ahokas</a></p>



<p>2019 kansantaiteilija&nbsp;<a href="https://tamperetunnetuksi.fi/kukkaispormestari-2019-on-mikko-alatalo/" target="_blank" rel="noreferrer noopener">Mikko Alatalo</a></p>



<p>2018 kalakauppias&nbsp;<a href="https://tamperetunnetuksi.fi/kukkaistytto-ja-kukkaispormestari-2018/" target="_blank" rel="noreferrer noopener">Petri Nygrén</a></p>



<p>2017 toimitusjohtaja Pasi Mäkinen</p>



<p>2016 toiminnanjohtaja Heidi Martikainen</p>



<p>2015 vuorineuvos Kari Neilimo</p>



<p>2014 projektijohtaja Esko Raipia</p>



<p>2013 konsernijohtaja Kirsi Koski</p>



<p>2012 hallituksen puheenjohtaja Keijo Olander</p>



<p>2011 teatterinjohtaja, näyttelijä Riku Suokas</p>



<p>2010 oopperalaulaja Jaakko Ryhänen</p>



<p>2009 toiminnanjohtaja Maarit Tammisto</p>



<p>2008 jääkiekkolegenda, yrittäjä Raimo Helminen</p>



<p>2007 apulaispormestari Irja Tulonen</p>



<p>2006 toimitusjohtaja Kai Telanne</p>



<p>2005 lastenpsykiatrian professori Tuula Tamminen</p>



<p>2004 pankinjohtaja Timo Toivonen</p>



<p>2003 piispa Juha Pihkala</p>



<p>2002 kongressipäällikkö Anja Aarnio</p>



<p>2001 kansanedustaja Kari Kantalainen</p>



<p>2000 teatterinjohtaja Esko Roine</p>



<p>1999 ministeri Kimmo Sasi</p>



<p>1998 kaupunginhallituksen puheenjohtaja Timo P. Nieminen</p>



<p>1997 valtuuston puheenjohtaja Seppo Salminen</p>



<p>1996 hotellinjohtaja Pirjo Ojanperä</p>



<p>1995 toimitusjohtaja Kalervo Kummola</p>



<p>1994 elinkeinojohtaja Riitta Varpe</p>



<p>1993 toimitusjohtaja Matti Hokkanen</p>



<p>1992 toimitusjohtaja Carl Öhman</p>



<p>1991 toimitusjohtaja Toivo Honkonen</p>



<p>1990 maaherra Risto Tainio</p>



<p>1989 toimitusjohtaja Saara Sinivuori</p>



<p>1988 apulaiskaupunginjohtaja Kaarina Suonio</p>



<p>1987 toimitusjohtaja Harri Sucksdorff</p>



<p>1986 kaupunginjohtaja Jarmo Rantanen</p>



<p>1985 sosiaalineuvos Matti Koponen</p>



<p>1984 kaupunkineuvos Vilho Halme</p>



<p></p>

<p>Tampere Tunnetuksi ry perustettiin vuonna 1965. Yhdistyksen ensimmäisiä tehtäviä oli huolehtia Valoviikkojen valokuvioista ja 1980-luvulla Kukkaisviikot syntyivät kaupunkifestareiden isoäidiksi. Yhdistyksen puheenjohtajina ovat toimineet: 2024 &#8211; kauppias Marko Laaksonen, K-Supermarket Ratina 2019-2023 takkikauppias Erika Hildén, Hilden Oy 2018 yrittäjä Taru Heinänen, Seele 2014-2017Johtaja Panu Raipia, Tampereen Komediateatteri 2012-2013 Kauppakeskuspäällikkö Kai Niinimäki, Citycon Oyj 2011-2012 Toimialajohtaja Mirko [&hellip;]</p>
