{"id":78,"date":"2023-05-09T13:59:15","date_gmt":"2023-05-09T10:59:15","guid":{"rendered":"https:\/\/rakastampere.fi\/jasenille\/?page_id=78"},"modified":"2025-12-01T16:25:39","modified_gmt":"2025-12-01T14:25:39","slug":"yhdistyksen-esittely","status":"publish","type":"page","link":"https:\/\/rakastampere.fi\/jasenille\/yhdistyksen-esittely\/","title":{"rendered":"Yhdistyksen esittely"},"content":{"rendered":"\n<p>Tampere Tunnetuksi ry:n visiona on, ett\u00e4 Tampereen kaupungin keskusta on Suomen paras paikka, ja ett\u00e4 Tampereen kaupungin keskusta on el\u00e4m\u00e4\u00e4 ja ihmisi\u00e4 t\u00e4ynn\u00e4. Vuonna 1965 perustettu yhdistys edustaa yhteens\u00e4 viitt\u00e4sataa tamperelaista yrityst\u00e4.<\/p>\n\n\n\n<p>Yhdistyksen toiminnan tavoitteena on Tampereen keskustan kehitt\u00e4minen ja el\u00e4v\u00f6itt\u00e4minen yhteisty\u00f6ss\u00e4 yritysten, kiinteist\u00f6jen ja kaupungin kanssa. Tiivis yhteisty\u00f6 elinkeinoel\u00e4m\u00e4n ja kaupungin v\u00e4lill\u00e4 on jatkunut jo 60 vuotta.<\/p>\n\n\n\n<p>Tampere Tunnetuksi ry on keskustan alueen yritysten ja kiinteist\u00f6n omistajien edustaja Tampereen kaupungin ty\u00f6ryhmiss\u00e4, edist\u00e4\u00e4 j\u00e4sentens\u00e4 liiketoimintamahdollisuuksia sek\u00e4 organisoi keskustan alueen yhteismarkkinointia Rakas Tampere -nimell\u00e4. <\/p>\n\n\n\n<p>Rakas Tampere -toiminta markkinoi Tampereen keskustaa ja siell\u00e4 sijaitsevia yrityksi\u00e4. Tulemalla j\u00e4seneksi yritys p\u00e4\u00e4see mukaan edullisiin <a href=\"https:\/\/rakastampere.fi\/jasenille\/yhteismarkkinointi\/\" target=\"_blank\" rel=\"noopener\" title=\"\">yhteismarkkinointeihin<\/a> sek\u00e4 osaksi viestint\u00e4\u00e4, kun Rakas Tampere kertoo keskustan palveluista.<\/p>\n\n\n\n<p><\/p>\n\n\n\n<p><strong>Liit\u00e4 yrityksesi mukaan yhdistykseen ja p\u00e4\u00e4set osaksi iloista ja innovatiivista yhteistoimintaa.<\/strong><\/p>\n\n\n\n<p>J\u00e4senmaksut m\u00e4\u00e4r\u00e4ytyv\u00e4t sen mukaan, kuinka monta vakituista ty\u00f6ntekij\u00e4\u00e4 toimipiste ty\u00f6llist\u00e4\u00e4 yritt\u00e4j\u00e4t mukaan lukien.<br>J\u00e4seneksi hyv\u00e4ksyt\u00e4\u00e4n ydinkeskustan alueella (kelta\/vihre\u00e4 alue alla olevasta kartasta) toimivat yritykset sek\u00e4 taloyhti\u00f6t.<\/p>\n\n\n\n<div style=\"height:26px\" aria-hidden=\"true\" id=\"jasenkartta\" class=\"wp-block-spacer\"><\/div>\n\n\n\n<figure class=\"wp-block-image size-large\" id=\"jasenkartta\"><img loading=\"lazy\" decoding=\"async\" width=\"1024\" height=\"615\" src=\"https:\/\/rakastampere.fi\/jasenille\/wp-content\/uploads\/sites\/2\/2025\/05\/TampereTunnetuksi_jasenalue-1024x615.jpg\" alt=\"\" class=\"wp-image-1526\" srcset=\"https:\/\/rakastampere.fi\/jasenille\/wp-content\/uploads\/sites\/2\/2025\/05\/TampereTunnetuksi_jasenalue-1024x615.jpg 1024w, https:\/\/rakastampere.fi\/jasenille\/wp-content\/uploads\/sites\/2\/2025\/05\/TampereTunnetuksi_jasenalue-800x480.jpg 800w, https:\/\/rakastampere.fi\/jasenille\/wp-content\/uploads\/sites\/2\/2025\/05\/TampereTunnetuksi_jasenalue-768x461.jpg 768w, https:\/\/rakastampere.fi\/jasenille\/wp-content\/uploads\/sites\/2\/2025\/05\/TampereTunnetuksi_jasenalue-1536x922.jpg 1536w, https:\/\/rakastampere.fi\/jasenille\/wp-content\/uploads\/sites\/2\/2025\/05\/TampereTunnetuksi_jasenalue-1200x720.jpg 1200w, https:\/\/rakastampere.fi\/jasenille\/wp-content\/uploads\/sites\/2\/2025\/05\/TampereTunnetuksi_jasenalue.jpg 1974w\" sizes=\"auto, (max-width: 1024px) 100vw, 1024px\" \/><\/figure>\n\n\n\n<p><strong>J\u00c4SENKATEGORIAT &amp; J\u00c4SENMAKSUT 202<\/strong>6<\/p>\n\n\n\n<ul class=\"wp-block-list\">\n<li>Mikroyritykset 1-3 hl\u00f6\u00e4 100 e<\/li>\n\n\n\n<li>Yritykset 4-10 hl\u00f6 200 e<\/li>\n\n\n\n<li>Yritykset 11-30 hl\u00f6 350 e<\/li>\n\n\n\n<li>Yritykset 31-50&nbsp;hl\u00f6 550 e<\/li>\n\n\n\n<li>Yritykset 51-100&nbsp;hl\u00f6 750 e<\/li>\n\n\n\n<li>Yritykset 101- hl\u00f6 v\u00e4h. 1000 e<\/li>\n\n\n\n<li>Yhdistykset 200 e<\/li>\n<\/ul>\n\n\n\n<ul class=\"wp-block-list\">\n<li>Kauppakeskukset ja tavaratalot 1500 e<\/li>\n\n\n\n<li>Kiinteist\u00f6sijoittajat 2000 e<\/li>\n\n\n\n<li>Yksitt\u00e4iset asunto-\/kiinteist\u00f6yhti\u00f6t 350 e<\/li>\n<\/ul>\n\n\n\n<h2 class=\"wp-block-heading\">Yhdistyksen esittelydiat ja toimintasuunnitelma<\/h2>\n\n\n\n<p>Tampere Tunnetuksi ry:n <a href=\"https:\/\/rakastampere.fi\/jasenille\/saannot\/\" title=\"\">s\u00e4\u00e4nn\u00f6t<\/a> ja vuosittain hyv\u00e4ksytt\u00e4v\u00e4 toimintasuunnitelma ohjaavat yhdistyksen toimintaa. Toimintasuunnitelma hyv\u00e4ksyt\u00e4\u00e4n yhdistyksen virallisessa kokouksessa, joka pidet\u00e4\u00e4n vuosittain lokakuussa.<\/p>\n\n\n\n<p><strong>Tampere Tunnetuksi ry:n esittely:<\/strong><\/p>\n\n\n\n<div data-wp-interactive=\"core\/file\" class=\"wp-block-file\"><object data-wp-bind--hidden=\"!state.hasPdfPreview\" hidden class=\"wp-block-file__embed\" data=\"https:\/\/rakastampere.fi\/jasenille\/wp-content\/uploads\/sites\/2\/2025\/05\/Tampere-Tunnetuksi-Keskustan-kehittamisyhdistys-esittely-2025.pdf\" type=\"application\/pdf\" style=\"width:100%;height:600px\" aria-label=\"Tiedoston Tampere Tunnetuksi - Keskustan kehitt\u00e4misyhdistys esittely 2025 upotus.\"><\/object><a id=\"wp-block-file--media-2fa18c5e-4cf8-48a7-b69a-546e6178d8a1\" href=\"https:\/\/rakastampere.fi\/jasenille\/wp-content\/uploads\/sites\/2\/2025\/05\/Tampere-Tunnetuksi-Keskustan-kehittamisyhdistys-esittely-2025.pdf\">Tampere Tunnetuksi &#8211; Keskustan kehitt\u00e4misyhdistys esittely 2025<\/a><a href=\"https:\/\/rakastampere.fi\/jasenille\/wp-content\/uploads\/sites\/2\/2025\/05\/Tampere-Tunnetuksi-Keskustan-kehittamisyhdistys-esittely-2025.pdf\" class=\"wp-block-file__button wp-element-button\" download aria-describedby=\"wp-block-file--media-2fa18c5e-4cf8-48a7-b69a-546e6178d8a1\">Lataa<\/a><\/div>\n\n\n\n<p><strong>Toimintasuunnitelma 2026:<\/strong><\/p>\n\n\n\n<div data-wp-interactive=\"core\/file\" class=\"wp-block-file\"><object data-wp-bind--hidden=\"!state.hasPdfPreview\" hidden class=\"wp-block-file__embed\" data=\"https:\/\/rakastampere.fi\/jasenille\/wp-content\/uploads\/sites\/2\/2025\/10\/TampereTunnetuksi_Toimintasuunnitelma2026-1.pdf\" type=\"application\/pdf\" style=\"width:100%;height:600px\" aria-label=\"Tiedoston TampereTunnetuksi_Toimintasuunnitelma2026 upotus.\"><\/object><a id=\"wp-block-file--media-45d5fa84-f280-4288-9456-bb5a1edcff39\" href=\"https:\/\/rakastampere.fi\/jasenille\/wp-content\/uploads\/sites\/2\/2025\/10\/TampereTunnetuksi_Toimintasuunnitelma2026-1.pdf\">TampereTunnetuksi_Toimintasuunnitelma2026<\/a><a href=\"https:\/\/rakastampere.fi\/jasenille\/wp-content\/uploads\/sites\/2\/2025\/10\/TampereTunnetuksi_Toimintasuunnitelma2026-1.pdf\" class=\"wp-block-file__button wp-element-button\" download aria-describedby=\"wp-block-file--media-45d5fa84-f280-4288-9456-bb5a1edcff39\">Lataa<\/a><\/div>\n","protected":false},"excerpt":{"rendered":"<p>Tampere Tunnetuksi ry:n visiona on, ett\u00e4 Tampereen kaupungin keskusta on Suomen paras paikka, ja ett\u00e4 Tampereen kaupungin keskusta on el\u00e4m\u00e4\u00e4 ja ihmisi\u00e4 t\u00e4ynn\u00e4. Vuonna 1965 perustettu yhdistys edustaa yhteens\u00e4 viitt\u00e4sataa tamperelaista yrityst\u00e4. Yhdistyksen toiminnan tavoitteena on Tampereen keskustan kehitt\u00e4minen ja el\u00e4v\u00f6itt\u00e4minen yhteisty\u00f6ss\u00e4 yritysten, kiinteist\u00f6jen ja kaupungin kanssa. Tiivis yhteisty\u00f6 elinkeinoel\u00e4m\u00e4n ja kaupungin v\u00e4lill\u00e4 on jatkunut [&hellip;]<\/p>\n","protected":false},"author":3,"featured_media":0,"parent":0,"menu_order":0,"comment_status":"closed","ping_status":"closed","template":"","meta":{"_acf_changed":false,"content-type":"","footnotes":""},"class_list":["post-78","page","type-page","status-publish","hentry"],"acf":[],"aioseo_notices":[],"_links":{"self":[{"href":"https:\/\/rakastampere.fi\/jasenille\/wp-json\/wp\/v2\/pages\/78","targetHints":{"allow":["GET"]}}],"collection":[{"href":"https:\/\/rakastampere.fi\/jasenille\/wp-json\/wp\/v2\/pages"}],"about":[{"href":"https:\/\/rakastampere.fi\/jasenille\/wp-json\/wp\/v2\/types\/page"}],"author":[{"embeddable":true,"href":"https:\/\/rakastampere.fi\/jasenille\/wp-json\/wp\/v2\/users\/3"}],"replies":[{"embeddable":true,"href":"https:\/\/rakastampere.fi\/jasenille\/wp-json\/wp\/v2\/comments?post=78"}],"version-history":[{"count":25,"href":"https:\/\/rakastampere.fi\/jasenille\/wp-json\/wp\/v2\/pages\/78\/revisions"}],"predecessor-version":[{"id":1813,"href":"https:\/\/rakastampere.fi\/jasenille\/wp-json\/wp\/v2\/pages\/78\/revisions\/1813"}],"wp:attachment":[{"href":"https:\/\/rakastampere.fi\/jasenille\/wp-json\/wp\/v2\/media?parent=78"}],"curies":[{"name":"wp","href":"https:\/\/api.w.org\/{rel}","templated":true}]}}

<p>Tampere Tunnetuksi ry:n visiona on, että Tampereen kaupungin keskusta on Suomen paras paikka, ja että Tampereen kaupungin keskusta on elämää ja ihmisiä täynnä. Vuonna 1965 perustettu yhdistys edustaa yhteensä viittäsataa tamperelaista yritystä.</p>



<p>Yhdistyksen toiminnan tavoitteena on Tampereen keskustan kehittäminen ja elävöittäminen yhteistyössä yritysten, kiinteistöjen ja kaupungin kanssa. Tiivis yhteistyö elinkeinoelämän ja kaupungin välillä on jatkunut jo 60 vuotta.</p>



<p>Tampere Tunnetuksi ry on keskustan alueen yritysten ja kiinteistön omistajien edustaja Tampereen kaupungin työryhmissä, edistää jäsentensä liiketoimintamahdollisuuksia sekä organisoi keskustan alueen yhteismarkkinointia Rakas Tampere -nimellä. </p>



<p>Rakas Tampere -toiminta markkinoi Tampereen keskustaa ja siellä sijaitsevia yrityksiä. Tulemalla jäseneksi yritys pääsee mukaan edullisiin <a href="https://rakastampere.fi/jasenille/yhteismarkkinointi/" target="_blank" rel="noopener" title="">yhteismarkkinointeihin</a> sekä osaksi viestintää, kun Rakas Tampere kertoo keskustan palveluista.</p>



<p></p>



<p><strong>Liitä yrityksesi mukaan yhdistykseen ja pääset osaksi iloista ja innovatiivista yhteistoimintaa.</strong></p>



<p>Jäsenmaksut määräytyvät sen mukaan, kuinka monta vakituista työntekijää toimipiste työllistää yrittäjät mukaan lukien.<br>Jäseneksi hyväksytään ydinkeskustan alueella (kelta/vihreä alue alla olevasta kartasta) toimivat yritykset sekä taloyhtiöt.</p>



<div style="height:26px" aria-hidden="true" id="jasenkartta" class="wp-block-spacer"></div>



<figure class="wp-block-image size-large" id="jasenkartta"><img loading="lazy" decoding="async" width="1024" height="615" src="https://rakastampere.fi/jasenille/wp-content/uploads/sites/2/2025/05/TampereTunnetuksi_jasenalue-1024x615.jpg" alt="" class="wp-image-1526" srcset="https://rakastampere.fi/jasenille/wp-content/uploads/sites/2/2025/05/TampereTunnetuksi_jasenalue-1024x615.jpg 1024w, https://rakastampere.fi/jasenille/wp-content/uploads/sites/2/2025/05/TampereTunnetuksi_jasenalue-800x480.jpg 800w, https://rakastampere.fi/jasenille/wp-content/uploads/sites/2/2025/05/TampereTunnetuksi_jasenalue-768x461.jpg 768w, https://rakastampere.fi/jasenille/wp-content/uploads/sites/2/2025/05/TampereTunnetuksi_jasenalue-1536x922.jpg 1536w, https://rakastampere.fi/jasenille/wp-content/uploads/sites/2/2025/05/TampereTunnetuksi_jasenalue-1200x720.jpg 1200w, https://rakastampere.fi/jasenille/wp-content/uploads/sites/2/2025/05/TampereTunnetuksi_jasenalue.jpg 1974w" sizes="auto, (max-width: 1024px) 100vw, 1024px" /></figure>



<p><strong>JÄSENKATEGORIAT &amp; JÄSENMAKSUT 202</strong>6</p>



<ul class="wp-block-list">
<li>Mikroyritykset 1-3 hlöä 100 e</li>



<li>Yritykset 4-10 hlö 200 e</li>



<li>Yritykset 11-30 hlö 350 e</li>



<li>Yritykset 31-50&nbsp;hlö 550 e</li>



<li>Yritykset 51-100&nbsp;hlö 750 e</li>



<li>Yritykset 101- hlö väh. 1000 e</li>



<li>Yhdistykset 200 e</li>
</ul>



<ul class="wp-block-list">
<li>Kauppakeskukset ja tavaratalot 1500 e</li>



<li>Kiinteistösijoittajat 2000 e</li>



<li>Yksittäiset asunto-/kiinteistöyhtiöt 350 e</li>
</ul>



<h2 class="wp-block-heading">Yhdistyksen esittelydiat ja toimintasuunnitelma</h2>



<p>Tampere Tunnetuksi ry:n <a href="https://rakastampere.fi/jasenille/saannot/" title="">säännöt</a> ja vuosittain hyväksyttävä toimintasuunnitelma ohjaavat yhdistyksen toimintaa. Toimintasuunnitelma hyväksytään yhdistyksen virallisessa kokouksessa, joka pidetään vuosittain lokakuussa.</p>



<p><strong>Tampere Tunnetuksi ry:n esittely:</strong></p>



<div data-wp-interactive="core/file" class="wp-block-file"><object data-wp-bind--hidden="!state.hasPdfPreview" hidden class="wp-block-file__embed" data="https://rakastampere.fi/jasenille/wp-content/uploads/sites/2/2025/05/Tampere-Tunnetuksi-Keskustan-kehittamisyhdistys-esittely-2025.pdf" type="application/pdf" style="width:100%;height:600px" aria-label="Tiedoston Tampere Tunnetuksi - Keskustan kehittämisyhdistys esittely 2025 upotus."></object><a id="wp-block-file--media-2fa18c5e-4cf8-48a7-b69a-546e6178d8a1" href="https://rakastampere.fi/jasenille/wp-content/uploads/sites/2/2025/05/Tampere-Tunnetuksi-Keskustan-kehittamisyhdistys-esittely-2025.pdf">Tampere Tunnetuksi &#8211; Keskustan kehittämisyhdistys esittely 2025</a><a href="https://rakastampere.fi/jasenille/wp-content/uploads/sites/2/2025/05/Tampere-Tunnetuksi-Keskustan-kehittamisyhdistys-esittely-2025.pdf" class="wp-block-file__button wp-element-button" download aria-describedby="wp-block-file--media-2fa18c5e-4cf8-48a7-b69a-546e6178d8a1">Lataa</a></div>



<p><strong>Toimintasuunnitelma 2026:</strong></p>



<div data-wp-interactive="core/file" class="wp-block-file"><object data-wp-bind--hidden="!state.hasPdfPreview" hidden class="wp-block-file__embed" data="https://rakastampere.fi/jasenille/wp-content/uploads/sites/2/2025/10/TampereTunnetuksi_Toimintasuunnitelma2026-1.pdf" type="application/pdf" style="width:100%;height:600px" aria-label="Tiedoston TampereTunnetuksi_Toimintasuunnitelma2026 upotus."></object><a id="wp-block-file--media-45d5fa84-f280-4288-9456-bb5a1edcff39" href="https://rakastampere.fi/jasenille/wp-content/uploads/sites/2/2025/10/TampereTunnetuksi_Toimintasuunnitelma2026-1.pdf">TampereTunnetuksi_Toimintasuunnitelma2026</a><a href="https://rakastampere.fi/jasenille/wp-content/uploads/sites/2/2025/10/TampereTunnetuksi_Toimintasuunnitelma2026-1.pdf" class="wp-block-file__button wp-element-button" download aria-describedby="wp-block-file--media-45d5fa84-f280-4288-9456-bb5a1edcff39">Lataa</a></div>

<p>Tampere Tunnetuksi ry:n visiona on, että Tampereen kaupungin keskusta on Suomen paras paikka, ja että Tampereen kaupungin keskusta on elämää ja ihmisiä täynnä. Vuonna 1965 perustettu yhdistys edustaa yhteensä viittäsataa tamperelaista yritystä. Yhdistyksen toiminnan tavoitteena on Tampereen keskustan kehittäminen ja elävöittäminen yhteistyössä yritysten, kiinteistöjen ja kaupungin kanssa. Tiivis yhteistyö elinkeinoelämän ja kaupungin välillä on jatkunut [&hellip;]</p>
