{"id":773,"date":"2024-01-26T15:47:13","date_gmt":"2024-01-26T13:47:13","guid":{"rendered":"https:\/\/rakastampere.fi\/jasenille\/?page_id=773"},"modified":"2024-01-29T09:56:36","modified_gmt":"2024-01-29T07:56:36","slug":"passiedun-latausohjeet-asiakkaille","status":"publish","type":"page","link":"https:\/\/rakastampere.fi\/jasenille\/passiedun-latausohjeet-asiakkaille\/","title":{"rendered":"Passiedun latausohjeet asiakkaille"},"content":{"rendered":"\n<p>Lis\u00e4\u00e4 oheinen printattava tiedote tiloihisi. Voit laittaa sen kassan yhteyteen, sein\u00e4lle tai vaikkapa laminoida sen annettavaksi jokaiselle, joka kysyy nopeita latausohjeita.  <\/p>\n\n\n\n<figure data-wp-context=\"{&quot;imageId&quot;:&quot;69f0cb2aed094&quot;}\" data-wp-interactive=\"core\/image\" data-wp-key=\"69f0cb2aed094\" class=\"wp-block-image size-medium wp-lightbox-container\"><img loading=\"lazy\" decoding=\"async\" width=\"800\" height=\"566\" data-wp-class--hide=\"state.isContentHidden\" data-wp-class--show=\"state.isContentVisible\" data-wp-init=\"callbacks.setButtonStyles\" data-wp-on--click=\"actions.showLightbox\" data-wp-on--load=\"callbacks.setButtonStyles\" data-wp-on-window--resize=\"callbacks.setButtonStyles\" src=\"https:\/\/rakastampere.fi\/jasenille\/wp-content\/uploads\/sites\/2\/2024\/01\/rakastamperepassi_yleinen-latausohje-asiakkaille-800x566.jpg\" alt=\"\" class=\"wp-image-774\" srcset=\"https:\/\/rakastampere.fi\/jasenille\/wp-content\/uploads\/sites\/2\/2024\/01\/rakastamperepassi_yleinen-latausohje-asiakkaille-800x566.jpg 800w, https:\/\/rakastampere.fi\/jasenille\/wp-content\/uploads\/sites\/2\/2024\/01\/rakastamperepassi_yleinen-latausohje-asiakkaille-1024x724.jpg 1024w, https:\/\/rakastampere.fi\/jasenille\/wp-content\/uploads\/sites\/2\/2024\/01\/rakastamperepassi_yleinen-latausohje-asiakkaille-768x543.jpg 768w, https:\/\/rakastampere.fi\/jasenille\/wp-content\/uploads\/sites\/2\/2024\/01\/rakastamperepassi_yleinen-latausohje-asiakkaille.jpg 1169w\" sizes=\"auto, (max-width: 800px) 100vw, 800px\" \/><button\n\t\t\tclass=\"lightbox-trigger\"\n\t\t\ttype=\"button\"\n\t\t\taria-haspopup=\"dialog\"\n\t\t\taria-label=\"Suurenna\"\n\t\t\tdata-wp-init=\"callbacks.initTriggerButton\"\n\t\t\tdata-wp-on--click=\"actions.showLightbox\"\n\t\t\tdata-wp-style--right=\"state.imageButtonRight\"\n\t\t\tdata-wp-style--top=\"state.imageButtonTop\"\n\t\t>\n\t\t\t<svg xmlns=\"http:\/\/www.w3.org\/2000\/svg\" width=\"12\" height=\"12\" fill=\"none\" viewBox=\"0 0 12 12\">\n\t\t\t\t<path fill=\"#fff\" d=\"M2 0a2 2 0 0 0-2 2v2h1.5V2a.5.5 0 0 1 .5-.5h2V0H2Zm2 10.5H2a.5.5 0 0 1-.5-.5V8H0v2a2 2 0 0 0 2 2h2v-1.5ZM8 12v-1.5h2a.5.5 0 0 0 .5-.5V8H12v2a2 2 0 0 1-2 2H8Zm2-12a2 2 0 0 1 2 2v2h-1.5V2a.5.5 0 0 0-.5-.5H8V0h2Z\" \/>\n\t\t\t<\/svg>\n\t\t<\/button><\/figure>\n\n\n\n<p><a href=\"https:\/\/rakastampere.fi\/jasenille\/wp-content\/uploads\/sites\/2\/2024\/01\/rakastamperepassi_yleinen-latausohje-asiakkaille-1.pdf\" title=\"Lataa asiakkaille suunnattu ohje  t\u00e4st\u00e4\">Lataa asiakkaille suunnattu ohje t\u00e4st\u00e4<\/a>. PDF-tiedote on A4-koossa. Suosittelemme tulostamaan sen mahdollisuuksien mukaan v\u00e4rillisell\u00e4 tulostimella. <\/p>\n\n\n\n<h2 class=\"wp-block-heading has-blue-color has-text-color has-link-color has-medium-font-size wp-elements-eaaf01a32592b3735aefb3aba9530aad\">Haluatko kertoa my\u00f6s omasta passiedustasi liikkeess\u00e4si? <\/h2>\n\n\n<div class=\"wp-block-image is-style-default\">\n<figure data-wp-context=\"{&quot;imageId&quot;:&quot;69f0cb2aed561&quot;}\" data-wp-interactive=\"core\/image\" data-wp-key=\"69f0cb2aed561\" class=\"alignleft size-medium is-resized wp-lightbox-container\"><img loading=\"lazy\" decoding=\"async\" width=\"566\" height=\"800\" data-wp-class--hide=\"state.isContentHidden\" data-wp-class--show=\"state.isContentVisible\" data-wp-init=\"callbacks.setButtonStyles\" data-wp-on--click=\"actions.showLightbox\" data-wp-on--load=\"callbacks.setButtonStyles\" data-wp-on-window--resize=\"callbacks.setButtonStyles\" src=\"https:\/\/rakastampere.fi\/jasenille\/wp-content\/uploads\/sites\/2\/2024\/01\/rakastamperepassi_latausohje-omalla-lisatekstilla_viivat-1-566x800.jpg\" alt=\"\" class=\"wp-image-783\" style=\"width:309px;height:auto\" srcset=\"https:\/\/rakastampere.fi\/jasenille\/wp-content\/uploads\/sites\/2\/2024\/01\/rakastamperepassi_latausohje-omalla-lisatekstilla_viivat-1-566x800.jpg 566w, https:\/\/rakastampere.fi\/jasenille\/wp-content\/uploads\/sites\/2\/2024\/01\/rakastamperepassi_latausohje-omalla-lisatekstilla_viivat-1-724x1024.jpg 724w, https:\/\/rakastampere.fi\/jasenille\/wp-content\/uploads\/sites\/2\/2024\/01\/rakastamperepassi_latausohje-omalla-lisatekstilla_viivat-1-768x1086.jpg 768w, https:\/\/rakastampere.fi\/jasenille\/wp-content\/uploads\/sites\/2\/2024\/01\/rakastamperepassi_latausohje-omalla-lisatekstilla_viivat-1.jpg 827w\" sizes=\"auto, (max-width: 566px) 100vw, 566px\" \/><button\n\t\t\tclass=\"lightbox-trigger\"\n\t\t\ttype=\"button\"\n\t\t\taria-haspopup=\"dialog\"\n\t\t\taria-label=\"Suurenna\"\n\t\t\tdata-wp-init=\"callbacks.initTriggerButton\"\n\t\t\tdata-wp-on--click=\"actions.showLightbox\"\n\t\t\tdata-wp-style--right=\"state.imageButtonRight\"\n\t\t\tdata-wp-style--top=\"state.imageButtonTop\"\n\t\t>\n\t\t\t<svg xmlns=\"http:\/\/www.w3.org\/2000\/svg\" width=\"12\" height=\"12\" fill=\"none\" viewBox=\"0 0 12 12\">\n\t\t\t\t<path fill=\"#fff\" d=\"M2 0a2 2 0 0 0-2 2v2h1.5V2a.5.5 0 0 1 .5-.5h2V0H2Zm2 10.5H2a.5.5 0 0 1-.5-.5V8H0v2a2 2 0 0 0 2 2h2v-1.5ZM8 12v-1.5h2a.5.5 0 0 0 .5-.5V8H12v2a2 2 0 0 1-2 2H8Zm2-12a2 2 0 0 1 2 2v2h-1.5V2a.5.5 0 0 0-.5-.5H8V0h2Z\" \/>\n\t\t\t<\/svg>\n\t\t<\/button><\/figure>\n<\/div>\n\n\n<p><a href=\"https:\/\/rakastampere.fi\/jasenille\/wp-content\/uploads\/sites\/2\/2024\/01\/rakastamperepassi_latausohje-omalla-lisatekstilla.pdf\" title=\"\">Lataa t\u00e4st\u00e4 versio, jossa on tilaa omalle tekstille<\/a>. <\/p>\n\n\n\n<p>PDF-tiedote on A4-koossa. Suosittelemme tulostamaan sen mahdollisuuksien mukaan v\u00e4rillisell\u00e4 tulostimella. <\/p>\n\n\n\n<div class=\"wp-block-columns is-layout-flex wp-container-core-columns-is-layout-9d6595d7 wp-block-columns-is-layout-flex\">\n<div class=\"wp-block-column is-layout-flow wp-block-column-is-layout-flow\" style=\"flex-basis:100%\">\n<ul class=\"wp-block-list\">\n<li>Voit kirjoittaa ohjeet siihen PDF-ohjelmassa tai printattuasi k\u00e4sin. <\/li>\n\n\n\n<li>Voit my\u00f6s pyyt\u00e4\u00e4 kaupalliselta tuottajalta (passi@tamperetunnetuksi.fi) <strong>valmista word-pohjaa<\/strong>, johon voit merkit\u00e4 passiedut mainostoimiston ohjeistuksen mukaisesti Microsoft Word-ohjelmassa, jos sinulla eli ole PDF:n muokkausohjelmaa. <\/li>\n<\/ul>\n<\/div>\n<\/div>\n","protected":false},"excerpt":{"rendered":"<p>Lis\u00e4\u00e4 oheinen printattava tiedote tiloihisi. Voit laittaa sen kassan yhteyteen, sein\u00e4lle tai vaikkapa laminoida sen annettavaksi jokaiselle, joka kysyy nopeita latausohjeita. Lataa asiakkaille suunnattu ohje t\u00e4st\u00e4. PDF-tiedote on A4-koossa. Suosittelemme tulostamaan sen mahdollisuuksien mukaan v\u00e4rillisell\u00e4 tulostimella. Haluatko kertoa my\u00f6s omasta passiedustasi liikkeess\u00e4si? Lataa t\u00e4st\u00e4 versio, jossa on tilaa omalle tekstille. PDF-tiedote on A4-koossa. Suosittelemme tulostamaan [&hellip;]<\/p>\n","protected":false},"author":5,"featured_media":0,"parent":0,"menu_order":0,"comment_status":"closed","ping_status":"closed","template":"","meta":{"_acf_changed":false,"content-type":"","footnotes":""},"class_list":["post-773","page","type-page","status-publish","hentry"],"acf":[],"aioseo_notices":[],"_links":{"self":[{"href":"https:\/\/rakastampere.fi\/jasenille\/wp-json\/wp\/v2\/pages\/773","targetHints":{"allow":["GET"]}}],"collection":[{"href":"https:\/\/rakastampere.fi\/jasenille\/wp-json\/wp\/v2\/pages"}],"about":[{"href":"https:\/\/rakastampere.fi\/jasenille\/wp-json\/wp\/v2\/types\/page"}],"author":[{"embeddable":true,"href":"https:\/\/rakastampere.fi\/jasenille\/wp-json\/wp\/v2\/users\/5"}],"replies":[{"embeddable":true,"href":"https:\/\/rakastampere.fi\/jasenille\/wp-json\/wp\/v2\/comments?post=773"}],"version-history":[{"count":8,"href":"https:\/\/rakastampere.fi\/jasenille\/wp-json\/wp\/v2\/pages\/773\/revisions"}],"predecessor-version":[{"id":795,"href":"https:\/\/rakastampere.fi\/jasenille\/wp-json\/wp\/v2\/pages\/773\/revisions\/795"}],"wp:attachment":[{"href":"https:\/\/rakastampere.fi\/jasenille\/wp-json\/wp\/v2\/media?parent=773"}],"curies":[{"name":"wp","href":"https:\/\/api.w.org\/{rel}","templated":true}]}}