{"id":510,"date":"2023-09-27T23:14:31","date_gmt":"2023-09-27T20:14:31","guid":{"rendered":"https:\/\/rakastampere.fi\/jasenille\/?page_id=510"},"modified":"2023-09-27T23:24:16","modified_gmt":"2023-09-27T20:24:16","slug":"vuosikokous2023","status":"publish","type":"page","link":"https:\/\/rakastampere.fi\/jasenille\/vuosikokous2023\/","title":{"rendered":"Vuosikokous 2023"},"content":{"rendered":"\n<p>Tervetuloa Tampere Tunnetuksi ry:n s\u00e4\u00e4nt\u00f6m\u00e4\u00e4r\u00e4iseen vuosikokoukseen lokakuussa. Kokouksessa k\u00e4sitell\u00e4\u00e4n tulevan vuoden toimintasuunnitelma ja talousarvio sek\u00e4 hyv\u00e4ksyt\u00e4\u00e4n vuoden 2022 toiminta. <\/p>\n\n\n\n<p>Tervetulleita ovat kaikki j\u00e4senmaksunsa maksaneiden organisaatioiden edustaja. <\/p>\n\n\n\n<p>Tampere Tunnetuksi ry <br>VUOSIKOKOUS 2023<br>to 26.10.2023<br>kello 8.30 &#8211; 10<br>Tampereen Teatteri, Keskustori 2<\/p>\n\n\n\n<p>Ilmoittaudu mukaan: <\/p>\n\n\n\n","protected":false},"excerpt":{"rendered":"<p>Tervetuloa Tampere Tunnetuksi ry:n s\u00e4\u00e4nt\u00f6m\u00e4\u00e4r\u00e4iseen vuosikokoukseen lokakuussa. Kokouksessa k\u00e4sitell\u00e4\u00e4n tulevan vuoden toimintasuunnitelma ja talousarvio sek\u00e4 hyv\u00e4ksyt\u00e4\u00e4n vuoden 2022 toiminta. Tervetulleita ovat kaikki j\u00e4senmaksunsa maksaneiden organisaatioiden edustaja. Tampere Tunnetuksi ry VUOSIKOKOUS 2023to 26.10.2023kello 8.30 &#8211; 10Tampereen Teatteri, Keskustori 2 Ilmoittaudu mukaan:<\/p>\n","protected":false},"author":4,"featured_media":0,"parent":0,"menu_order":0,"comment_status":"closed","ping_status":"closed","template":"","meta":{"_acf_changed":false,"content-type":"","footnotes":""},"class_list":["post-510","page","type-page","status-publish","hentry"],"acf":[],"aioseo_notices":[],"_links":{"self":[{"href":"https:\/\/rakastampere.fi\/jasenille\/wp-json\/wp\/v2\/pages\/510","targetHints":{"allow":["GET"]}}],"collection":[{"href":"https:\/\/rakastampere.fi\/jasenille\/wp-json\/wp\/v2\/pages"}],"about":[{"href":"https:\/\/rakastampere.fi\/jasenille\/wp-json\/wp\/v2\/types\/page"}],"author":[{"embeddable":true,"href":"https:\/\/rakastampere.fi\/jasenille\/wp-json\/wp\/v2\/users\/4"}],"replies":[{"embeddable":true,"href":"https:\/\/rakastampere.fi\/jasenille\/wp-json\/wp\/v2\/comments?post=510"}],"version-history":[{"count":2,"href":"https:\/\/rakastampere.fi\/jasenille\/wp-json\/wp\/v2\/pages\/510\/revisions"}],"predecessor-version":[{"id":513,"href":"https:\/\/rakastampere.fi\/jasenille\/wp-json\/wp\/v2\/pages\/510\/revisions\/513"}],"wp:attachment":[{"href":"https:\/\/rakastampere.fi\/jasenille\/wp-json\/wp\/v2\/media?parent=510"}],"curies":[{"name":"wp","href":"https:\/\/api.w.org\/{rel}","templated":true}]}}

<p>Tervetuloa Tampere Tunnetuksi ry:n sääntömääräiseen vuosikokoukseen lokakuussa. Kokouksessa käsitellään tulevan vuoden toimintasuunnitelma ja talousarvio sekä hyväksytään vuoden 2022 toiminta. </p>



<p>Tervetulleita ovat kaikki jäsenmaksunsa maksaneiden organisaatioiden edustaja. </p>



<p>Tampere Tunnetuksi ry <br>VUOSIKOKOUS 2023<br>to 26.10.2023<br>kello 8.30 &#8211; 10<br>Tampereen Teatteri, Keskustori 2</p>



<p>Ilmoittaudu mukaan: </p>

<p>Tervetuloa Tampere Tunnetuksi ry:n sääntömääräiseen vuosikokoukseen lokakuussa. Kokouksessa käsitellään tulevan vuoden toimintasuunnitelma ja talousarvio sekä hyväksytään vuoden 2022 toiminta. Tervetulleita ovat kaikki jäsenmaksunsa maksaneiden organisaatioiden edustaja. Tampere Tunnetuksi ry VUOSIKOKOUS 2023to 26.10.2023kello 8.30 &#8211; 10Tampereen Teatteri, Keskustori 2 Ilmoittaudu mukaan:</p>
