{"id":2,"date":"2023-04-28T09:38:19","date_gmt":"2023-04-28T06:38:19","guid":{"rendered":"https:\/\/rakastampere.fi\/jasenille\/?page_id=2"},"modified":"2026-04-17T11:46:00","modified_gmt":"2026-04-17T08:46:00","slug":"esimerkkisivu","status":"publish","type":"page","link":"https:\/\/rakastampere.fi\/jasenille\/","title":{"rendered":"Keskustan yritysten yhdistys"},"content":{"rendered":"\n<p class=\"has-text-align-center\">Tampere Tunnetuksi ry on ydinkeskustan yritysten oma yhdistys, <br>jonka teht\u00e4v\u00e4n\u00e4 on tehd\u00e4 Tampereen keskustasta Suomen paras paikka. <br>Yhdistys auttaa j\u00e4seni\u00e4\u00e4n tekem\u00e4\u00e4n liiketoimintaa Tampereen keskustassa sek\u00e4 <br>markkinoi toiminnallaan Tampereen ydinaluetta. <br>Yhdistys on\u00a0toiminut aktiivisesti vuodesta 1965.<\/p>\n\n\n\n<p class=\"has-text-align-center\"><em><strong>Rakkaudesta Tampereen keskustaan.<\/strong><\/em><\/p>\n\n\n\n<p class=\"has-text-align-center\">Tampere Tunnetuksi ry k\u00e4ytt\u00e4\u00e4 Rakas Tampere -br\u00e4ndi\u00e4, <br>jolla markkinoidaan Tampereen keskustan palveluita ja tapahtumia.<br>Tampere Tunnetuksi ry s\u00e4ilyy yhdistyksen nimen\u00e4 ja sit\u00e4 k\u00e4ytet\u00e4\u00e4n virallisissa yhteyksiss\u00e4.<\/p>\n\n\n\t\t<\/div>\n\t<\/div>\n<\/div>\n<div class=\"container-fluid container-custom\">\n\t<div class=\"row\">\n\t\t<div class=\"col-12 news-title\">\n\t\t\t<h3 class=\"noto has-red-color\"><\/h3>\n\t\t\t<h2><\/h2>\n\t\t<\/div>\n\t\t\t\t\t\t\t\t\t<div class=\"col-lg-3 col-12 col-sm-6 news\">\n\t\t\t\t\t<figure>\n\t\t\t\t\t\t<a href=\"https:\/\/rakastampere.fi\/jasenille\/kesan-infopamaus-jasenille\/\" title=\"\" aria-hidden=\"true\">\n\t\t\t\t\t\t\t<div class=\"article-img\">\n\t\t\t\t\t\t\t\t<img loading=\"lazy\" decoding=\"async\" src=\"https:\/\/rakastampere.fi\/jasenille\/wp-content\/uploads\/sites\/2\/2023\/06\/jaatelo_postia-600x600.jpg\" alt=\"\" width=\"600\" height=\"600\" \/>\t\n\t\t\t\t\t\t\t<\/div>\n\t\t\t\t\t\t<\/a>\n\t\t\t\t\t\t\n\t\t\t\t\t\t<figcaption>\n\t\t\t\t\t\t\t<p class=\"time\">20.04.2026<\/p>\n\t\t\t\t\t\t\t<h4>Kes\u00e4n infopamaus j\u00e4senille!<\/h4>\n\t\t\t\t\t\t\t<p>Tervetuloa rohkeasti mukaan kuulolle tilaisuuteen jossa saa kerralla paljon t\u00e4rke\u00e4\u00e4 tietoa. Info ajankohtaisista asioista&nbsp;Tampereen keskustassa toimiville yrityksille Mit\u00e4 Tampereella&#8230;<\/p>\n\t\t\t\t\t\t\t<p>\n\t\t\t\t\t\t\t\t\t\t\t\t\t\t\t<a href=\"https:\/\/rakastampere.fi\/jasenille\/kesan-infopamaus-jasenille\/\" title=\"\" aria-label=\"Lue lis\u00e4\u00e4\" class=\"post-link\">\n\t\t\t\t\t\t\t\t\t<span class=\"fa-light fa-arrow-right\" aria-hidden=\"true\"><\/span>\t\t\n\t\t\t\t\t\t\t\t<\/a>\n\t\t\t\t\t\t\t\t\t\t\t\t\t\t<\/p>\n\t\t\t\t\t\t<\/figcaption>\n\t\t\t\t\t<\/figure>\n\t\t\t\t<\/div>\n\t\t\t\t\t\t\t<div class=\"col-lg-3 col-12 col-sm-6 news\">\n\t\t\t\t\t<figure>\n\t\t\t\t\t\t<a href=\"https:\/\/rakastampere.fi\/jasenille\/vuoden-tamperelainen-2026-riina-tanskanen\/\" title=\"\" aria-hidden=\"true\">\n\t\t\t\t\t\t\t<div class=\"article-img\">\n\t\t\t\t\t\t\t\t<img loading=\"lazy\" decoding=\"async\" src=\"https:\/\/rakastampere.fi\/jasenille\/wp-content\/uploads\/sites\/2\/2026\/02\/Riina-tanskanen_petteri-makinen_anu-Haalahti-600x600.png\" alt=\"\" width=\"600\" height=\"600\" \/>\t\n\t\t\t\t\t\t\t<\/div>\n\t\t\t\t\t\t<\/a>\n\t\t\t\t\t\t\n\t\t\t\t\t\t<figcaption>\n\t\t\t\t\t\t\t<p class=\"time\">19.02.2026<\/p>\n\t\t\t\t\t\t\t<h4>Vuoden tamperelainen 2026: Riina Tanskanen<\/h4>\n\t\t\t\t\t\t\t<p>Sarjakuvataiteilija Riina Tanskanen on \u00e4\u00e4nestetty Vuoden tamperelaiseksi 2026. Suuren yleis\u00f6n tietoisuuteen Riina on tullut Tympe\u00e4t tyt\u00f6t -taideprojektistaan. Tympe\u00e4t tyt\u00f6t -taidetili sai&#8230;<\/p>\n\t\t\t\t\t\t\t<p>\n\t\t\t\t\t\t\t\t\t\t\t\t\t\t\t<a href=\"https:\/\/rakastampere.fi\/jasenille\/vuoden-tamperelainen-2026-riina-tanskanen\/\" title=\"\" aria-label=\"Lue lis\u00e4\u00e4\" class=\"post-link\">\n\t\t\t\t\t\t\t\t\t<span class=\"fa-light fa-arrow-right\" aria-hidden=\"true\"><\/span>\t\t\n\t\t\t\t\t\t\t\t<\/a>\n\t\t\t\t\t\t\t\t\t\t\t\t\t\t<\/p>\n\t\t\t\t\t\t<\/figcaption>\n\t\t\t\t\t<\/figure>\n\t\t\t\t<\/div>\n\t\t\t\t\t\t\t<div class=\"col-lg-3 col-12 col-sm-6 news\">\n\t\t\t\t\t<figure>\n\t\t\t\t\t\t<a href=\"https:\/\/rakastampere.fi\/jasenille\/vuoden-2025-jasenyrityksiksi-valittiin-nelja-ravintola-alan-yritysta\/\" title=\"\" aria-hidden=\"true\">\n\t\t\t\t\t\t\t<div class=\"article-img\">\n\t\t\t\t\t\t\t\t<img loading=\"lazy\" decoding=\"async\" src=\"https:\/\/rakastampere.fi\/jasenille\/wp-content\/uploads\/sites\/2\/2025\/12\/TampereTunnetuksi_024-600x600.jpg\" alt=\"\" width=\"600\" height=\"600\" \/>\t\n\t\t\t\t\t\t\t<\/div>\n\t\t\t\t\t\t<\/a>\n\t\t\t\t\t\t\n\t\t\t\t\t\t<figcaption>\n\t\t\t\t\t\t\t<p class=\"time\">17.12.2025<\/p>\n\t\t\t\t\t\t\t<h4>Vuoden 2025 j\u00e4senyrityksiksi valittiin nelj\u00e4 ravintola-alan yrityst\u00e4<\/h4>\n\t\t\t\t\t\t\t<p>Tampere Tunnetuksi ry on vuodesta 2015 asti ansioituneen yrityksen Vuoden j\u00e4senyritykseksi. T\u00e4ll\u00e4 kertaa voittajayrityksi\u00e4 on per\u00e4ti nelj\u00e4:&nbsp;SKA-Ravintolat Oy, Pirates &amp; Unicorns Oy,&#8230;<\/p>\n\t\t\t\t\t\t\t<p>\n\t\t\t\t\t\t\t\t\t\t\t\t\t\t\t<a href=\"https:\/\/rakastampere.fi\/jasenille\/vuoden-2025-jasenyrityksiksi-valittiin-nelja-ravintola-alan-yritysta\/\" title=\"\" aria-label=\"Lue lis\u00e4\u00e4\" class=\"post-link\">\n\t\t\t\t\t\t\t\t\t<span class=\"fa-light fa-arrow-right\" aria-hidden=\"true\"><\/span>\t\t\n\t\t\t\t\t\t\t\t<\/a>\n\t\t\t\t\t\t\t\t\t\t\t\t\t\t<\/p>\n\t\t\t\t\t\t<\/figcaption>\n\t\t\t\t\t<\/figure>\n\t\t\t\t<\/div>\n\t\t\t\t\t\t\t<div class=\"col-lg-3 col-12 col-sm-6 news\">\n\t\t\t\t\t<figure>\n\t\t\t\t\t\t<a href=\"https:\/\/rakastampere.fi\/jasenille\/tampereen-keskustan-kaunein-jouluikkuna-on-selvinnyt\/\" title=\"\" aria-hidden=\"true\">\n\t\t\t\t\t\t\t<div class=\"article-img\">\n\t\t\t\t\t\t\t\t<img loading=\"lazy\" decoding=\"async\" src=\"https:\/\/rakastampere.fi\/jasenille\/wp-content\/uploads\/sites\/2\/2025\/12\/Nro-5-Prime-hair-and-beauty-design-Oy-1-1024x854-1-600x600.jpg\" alt=\"\" width=\"600\" height=\"600\" \/>\t\n\t\t\t\t\t\t\t<\/div>\n\t\t\t\t\t\t<\/a>\n\t\t\t\t\t\t\n\t\t\t\t\t\t<figcaption>\n\t\t\t\t\t\t\t<p class=\"time\">15.12.2025<\/p>\n\t\t\t\t\t\t\t<h4>Tampereen keskustan Kaunein Jouluikkuna on selvinnyt<\/h4>\n\t\t\t\t\t\t\t<p>Prime hair and beauty designilla on&nbsp;Tampereen Kaunein jouluikkuna 2025 Tampere Tunnetuksi ry:n ja DesignOnTampere ry:n leikkimielinen Kaunein jouluikkuna 2025 -kisa ker\u00e4si yli 2100 \u00e4\u00e4nt\u00e4&#8230;.<\/p>\n\t\t\t\t\t\t\t<p>\n\t\t\t\t\t\t\t\t\t\t\t\t\t\t\t<a href=\"https:\/\/rakastampere.fi\/jasenille\/tampereen-keskustan-kaunein-jouluikkuna-on-selvinnyt\/\" title=\"\" aria-label=\"Lue lis\u00e4\u00e4\" class=\"post-link\">\n\t\t\t\t\t\t\t\t\t<span class=\"fa-light fa-arrow-right\" aria-hidden=\"true\"><\/span>\t\t\n\t\t\t\t\t\t\t\t<\/a>\n\t\t\t\t\t\t\t\t\t\t\t\t\t\t<\/p>\n\t\t\t\t\t\t<\/figcaption>\n\t\t\t\t\t<\/figure>\n\t\t\t\t<\/div>\n\t\t\t\t\t\n\t\n\n\t<\/div>\n<\/div>\n<div class=\"container\">\n\t<div class=\"row\">\n\t\t<div class=\"col-12\">\n\n\n<div class=\"wp-block-media-text alignwide has-media-on-the-right is-stacked-on-mobile\"><div class=\"wp-block-media-text__content\">\n<h2 class=\"wp-block-heading noto has-blue-color has-text-color\">Kiinnostaako keskustan kehitt\u00e4minen<\/h2>\n\n\n\n<p><strong><br><\/strong>Kiinnostaako Tampereen keskusta-alueen toiminta ja kehitt\u00e4minen?<\/p>\n\n\n\n<p>Tule mukaan tekem\u00e4\u00e4n el\u00e4v\u00e4\u00e4, toimivaa ja kaupallista Tampereen keskustaa.<\/p>\n\n\n\n<div class=\"wp-block-buttons is-layout-flex wp-block-buttons-is-layout-flex\">\n<div class=\"wp-block-button\"><a class=\"wp-block-button__link wp-element-button\" href=\"https:\/\/rakastampere.fi\/jasenille\/tietopankki\/\">Lue lis\u00e4\u00e4<\/a><\/div>\n<\/div>\n<\/div><figure class=\"wp-block-media-text__media\"><img loading=\"lazy\" decoding=\"async\" width=\"1000\" height=\"667\" src=\"https:\/\/rakastampere.fi\/jasenille\/wp-content\/uploads\/sites\/2\/2023\/11\/Naisetsillalla_rakastre.jpeg\" alt=\"\" class=\"wp-image-591 size-thumbnail\" srcset=\"https:\/\/rakastampere.fi\/jasenille\/wp-content\/uploads\/sites\/2\/2023\/11\/Naisetsillalla_rakastre.jpeg 1000w, https:\/\/rakastampere.fi\/jasenille\/wp-content\/uploads\/sites\/2\/2023\/11\/Naisetsillalla_rakastre-800x534.jpeg 800w, https:\/\/rakastampere.fi\/jasenille\/wp-content\/uploads\/sites\/2\/2023\/11\/Naisetsillalla_rakastre-768x512.jpeg 768w\" sizes=\"auto, (max-width: 1000px) 100vw, 1000px\" \/><\/figure><\/div>\n\n\n\n<div class=\"wp-block-media-text alignwide is-stacked-on-mobile\"><figure class=\"wp-block-media-text__media\"><img loading=\"lazy\" decoding=\"async\" width=\"683\" height=\"1024\" src=\"https:\/\/rakastampere.fi\/jasenille\/wp-content\/uploads\/sites\/2\/2024\/09\/Joulunavaus2021_Annapastak_3943-683x1024.jpg\" alt=\"\" class=\"wp-image-1064 size-thumbnail\" srcset=\"https:\/\/rakastampere.fi\/jasenille\/wp-content\/uploads\/sites\/2\/2024\/09\/Joulunavaus2021_Annapastak_3943-683x1024.jpg 683w, https:\/\/rakastampere.fi\/jasenille\/wp-content\/uploads\/sites\/2\/2024\/09\/Joulunavaus2021_Annapastak_3943-533x800.jpg 533w, https:\/\/rakastampere.fi\/jasenille\/wp-content\/uploads\/sites\/2\/2024\/09\/Joulunavaus2021_Annapastak_3943-768x1152.jpg 768w, https:\/\/rakastampere.fi\/jasenille\/wp-content\/uploads\/sites\/2\/2024\/09\/Joulunavaus2021_Annapastak_3943.jpg 1024w\" sizes=\"auto, (max-width: 683px) 100vw, 683px\" \/><\/figure><div class=\"wp-block-media-text__content\">\n<h2 class=\"wp-block-heading noto has-blue-color has-text-color\">Joulu tulee<\/h2>\n\n\n\n<p>Joulun aika on t\u00e4rke\u00e4\u00e4 keskustan kivijalkayrityksille. Keskustan kehitt\u00e4misyhdistys Tampere Tunnetuksi ry j\u00e4rjest\u00e4\u00e4 paljon joulun ajan yhteistoimintaa. <\/p>\n\n\n\n<div class=\"wp-block-buttons is-layout-flex wp-block-buttons-is-layout-flex\">\n<div class=\"wp-block-button\"><a class=\"wp-block-button__link wp-element-button\" href=\"https:\/\/rakastampere.fi\/jasenille\/joulu2025\/\">LUE LIS\u00c4\u00c4<\/a><\/div>\n<\/div>\n<\/div><\/div>\n\n\n\t\t<\/div>\n\t<\/div>\n<\/div>\n\n<img loading=\"lazy\" decoding=\"async\" src=\"https:\/\/rakastampere.fi\/jasenille\/wp-content\/themes\/rakastampere-jasenille\/img\/pass_top.svg\" alt=\"\" class=\"pass-top\" width=\"300\" height=\"24\"\/>\n<div class=\"bg-green\">\n\t<div class=\"container\">\n\t\t<div class=\"row\">\n\t\t\t<div class=\"col-12\">\n\t\t\t\t<div class=\"row\">\n\t\t\t\t\t<div class=\"col-lg-10 offset-lg-1 text-center\">\n\t\t\t\t\t\t<h2>\n\t\t\t\t\t\t\t<span class=\"noto\">Rakas Tampere Passilla saat<\/span><br \/>\n\t\t\t\t\t\t\t<span class=\"text-large\">HUIMIA ETUJA!<\/span>\n\t\t\t\t\t\t<\/h2>\n\t\t\t\t\t\t\n\t\t\t\t\t\t<p>Tampereen keskusta on mahtava paikka tulla shoppaamaan, sy\u00f6m\u00e4\u00e4n, juhlimaan, viihtym\u00e4\u00e4n ja kulttuuririentoihin. Viel\u00e4 mahtavamman siit\u00e4 tekee Rakas Tampere Passi, koska sill\u00e4 saat kymmenist\u00e4 paikoista mojovia alennuksia! Lataa puhelimeesi Tampere.Finland-\u00e4ppi, niin tarjoukset ovat sinun!<\/p>\n\t\t\t\t\t\t\n\t\t\t\t\t\t\t\t\t\t\t\t\t\t\t\t\t\t\n\t\t\t\t\t<\/div>\n\t\t\t\t<\/div>\n\t\t\t<\/div>\n\t\t<\/div>\n\t<\/div>\n\t<img loading=\"lazy\" decoding=\"async\" src=\"https:\/\/rakastampere.fi\/jasenille\/wp-content\/themes\/rakastampere-jasenille\/img\/green_dot.svg\" alt=\"\" class=\"green-dot\" width=\"200\" height=\"200\"\/>\n<\/div>\n<img loading=\"lazy\" decoding=\"async\" src=\"https:\/\/rakastampere.fi\/jasenille\/wp-content\/themes\/rakastampere-jasenille\/img\/pass_bottom.svg\" alt=\"\" class=\"pass-bottom\" width=\"300\" height=\"24\"\/>\n\t\t\t\n<div class=\"container\">\n\t<div class=\"row\">\n\t\t<div class=\"col-12\">\t\t\t\n\n\n<div class=\"wp-block-media-text alignwide is-stacked-on-mobile\"><figure class=\"wp-block-media-text__media\"><img loading=\"lazy\" decoding=\"async\" width=\"800\" height=\"759\" src=\"https:\/\/rakastampere.fi\/jasenille\/wp-content\/uploads\/sites\/2\/2023\/05\/Visit_Tampere_Kesakeidas_summer_oasis_Keskustori_2021_Laura_Vanzo-1-800x759.jpg\" alt=\"\" class=\"wp-image-70 size-thumbnail\" \/><\/figure><div class=\"wp-block-media-text__content\">\n<h2 class=\"wp-block-heading noto has-blue-color has-text-color\">Kaikkien keskustan yritysten oma yhdistys  <\/h2>\n\n\n\n<p><strong>Putiikki, teatteri tai taloyhti\u00f6. Olemme kaikkien keskustan yritysten oma yhdistys.<br><\/strong>Tampere Tunnetuksi ry:n t\u00e4rkein teht\u00e4v\u00e4 on edist\u00e4\u00e4 keskustan elinvoimaa. Olemalla yhdistyksen j\u00e4sen p\u00e4\u00e4set vaikuttamaan, kertomaan oman yrityksenne n\u00e4kemyksi\u00e4 sek\u00e4 edist\u00e4m\u00e4\u00e4n elinvoiman mahdollisuuksia. Yhdistyksen j\u00e4senen\u00e4 yritys saa ajankohtaista tietoa k\u00e4ynniss\u00e4 olevista kehityshankkeista sek\u00e4 p\u00e4\u00e4see keskustelemaan muiden saman alan toimijoiden kanssa. <\/p>\n\n\n\n<div class=\"wp-block-buttons is-layout-flex wp-block-buttons-is-layout-flex\">\n<div class=\"wp-block-button\"><a class=\"wp-block-button__link wp-element-button\" href=\"https:\/\/rakastampere.fi\/jasenille\/yhdistyksen-esittely\/\">TULE MUKAAN TOIMINTAAN<\/a><\/div>\n<\/div>\n<\/div><\/div>\n\n\n\n<p><\/p>\n","protected":false},"excerpt":{"rendered":"<p>Tampere Tunnetuksi ry on ydinkeskustan yritysten oma yhdistys, jonka teht\u00e4v\u00e4n\u00e4 on tehd\u00e4 Tampereen keskustasta Suomen paras paikka. Yhdistys auttaa j\u00e4seni\u00e4\u00e4n tekem\u00e4\u00e4n liiketoimintaa Tampereen keskustassa sek\u00e4 markkinoi toiminnallaan Tampereen ydinaluetta. Yhdistys on\u00a0toiminut aktiivisesti vuodesta 1965. Rakkaudesta Tampereen keskustaan. Tampere Tunnetuksi ry k\u00e4ytt\u00e4\u00e4 Rakas Tampere -br\u00e4ndi\u00e4, jolla markkinoidaan Tampereen keskustan palveluita ja tapahtumia.Tampere Tunnetuksi ry s\u00e4ilyy yhdistyksen [&hellip;]<\/p>\n","protected":false},"author":3,"featured_media":125,"parent":0,"menu_order":0,"comment_status":"closed","ping_status":"open","template":"","meta":{"_acf_changed":false,"content-type":"","footnotes":""},"class_list":["post-2","page","type-page","status-publish","has-post-thumbnail","hentry"],"acf":[],"aioseo_notices":[],"_links":{"self":[{"href":"https:\/\/rakastampere.fi\/jasenille\/wp-json\/wp\/v2\/pages\/2","targetHints":{"allow":["GET"]}}],"collection":[{"href":"https:\/\/rakastampere.fi\/jasenille\/wp-json\/wp\/v2\/pages"}],"about":[{"href":"https:\/\/rakastampere.fi\/jasenille\/wp-json\/wp\/v2\/types\/page"}],"author":[{"embeddable":true,"href":"https:\/\/rakastampere.fi\/jasenille\/wp-json\/wp\/v2\/users\/3"}],"replies":[{"embeddable":true,"href":"https:\/\/rakastampere.fi\/jasenille\/wp-json\/wp\/v2\/comments?post=2"}],"version-history":[{"count":43,"href":"https:\/\/rakastampere.fi\/jasenille\/wp-json\/wp\/v2\/pages\/2\/revisions"}],"predecessor-version":[{"id":1906,"href":"https:\/\/rakastampere.fi\/jasenille\/wp-json\/wp\/v2\/pages\/2\/revisions\/1906"}],"wp:featuredmedia":[{"embeddable":true,"href":"https:\/\/rakastampere.fi\/jasenille\/wp-json\/wp\/v2\/media\/125"}],"wp:attachment":[{"href":"https:\/\/rakastampere.fi\/jasenille\/wp-json\/wp\/v2\/media?parent=2"}],"curies":[{"name":"wp","href":"https:\/\/api.w.org\/{rel}","templated":true}]}}