{"id":1673,"date":"2025-08-27T12:51:00","date_gmt":"2025-08-27T09:51:00","guid":{"rendered":"https:\/\/rakastampere.fi\/jasenille\/?page_id=1673"},"modified":"2025-08-28T09:49:05","modified_gmt":"2025-08-28T06:49:05","slug":"visuaalisen-markkinoinnin-koulutus-2025","status":"publish","type":"page","link":"https:\/\/rakastampere.fi\/jasenille\/visuaalisen-markkinoinnin-koulutus-2025\/","title":{"rendered":"Visuaalisen myynnin koulutus 24.9.2025"},"content":{"rendered":"\n<p>Ilmoittaudu mukaan visuaalisen myynnin koulutukseen, jossa otetaan erityisen k\u00e4yt\u00e4nn\u00f6nl\u00e4heinen ote. Tule inspiroitumaan ja kirjaamaan yl\u00f6s TO DO-listasi tulevaa joulukampanjointia silm\u00e4ll\u00e4pit\u00e4en. Aamup\u00e4iv\u00e4n saat vinkit tamperelaiselta Manta Viitakoskelta.<\/p>\n\n\n\n<figure class=\"wp-block-image size-large is-resized is-style-rounded\"><img loading=\"lazy\" decoding=\"async\" width=\"1020\" height=\"1024\" src=\"https:\/\/rakastampere.fi\/jasenille\/wp-content\/uploads\/sites\/2\/2025\/08\/Manta-Viitakoski-1020x1024.jpeg\" alt=\"\" class=\"wp-image-1675\" style=\"width:474px;height:auto\" srcset=\"https:\/\/rakastampere.fi\/jasenille\/wp-content\/uploads\/sites\/2\/2025\/08\/Manta-Viitakoski-1020x1024.jpeg 1020w, https:\/\/rakastampere.fi\/jasenille\/wp-content\/uploads\/sites\/2\/2025\/08\/Manta-Viitakoski-797x800.jpeg 797w, https:\/\/rakastampere.fi\/jasenille\/wp-content\/uploads\/sites\/2\/2025\/08\/Manta-Viitakoski-768x771.jpeg 768w, https:\/\/rakastampere.fi\/jasenille\/wp-content\/uploads\/sites\/2\/2025\/08\/Manta-Viitakoski-160x160.jpeg 160w, https:\/\/rakastampere.fi\/jasenille\/wp-content\/uploads\/sites\/2\/2025\/08\/Manta-Viitakoski.jpeg 1025w\" sizes=\"auto, (max-width: 1020px) 100vw, 1020px\" \/><\/figure>\n\n\n\n<p>&#8221;Yritykseni Amanda\u00b4s Eye Oy on toiminut vuodesta 2004.&nbsp;Olemme tiimini kanssa olleet mukana monissa upeissa projekteissa. Olemme erikoistuneet varsinkin kauppakeskusten kampanjarakentamiseen, hotellien aamiaiskattauksiin ja tapahtumiin sek\u00e4 jouluilmeen rakentamiseen erilaisissa tiloissa ja tapahtumissa. Olen kouluttanut useita vuosia Tamkissa ja Tredussa visualisteja ja luennoinut ymp\u00e4ri Suomea visuaalisen myyntity\u00f6n t\u00e4rkeydest\u00e4.&#8221;&nbsp;<\/p>\n\n\n\n<p class=\"has-white-color has-green-background-color has-text-color has-background has-link-color wp-elements-73ef3598b9248aa07b7a72c6b0a9abee\">Olet aivan varmasti t\u00f6rm\u00e4nnyt Mantan ty\u00f6j\u00e4lkeen Suomessa ja Tampereella. Nyt Manta antaa teille tiivistetyn paketin huippuosaamista.<\/p>\n\n\n\n<h4 class=\"wp-block-heading has-black-color has-text-color has-link-color wp-elements-a70c3dc62e85a015da47a094b29982e2\"><strong>Visuaalisen myynnin koulutus:  Joulu &#8211; visuaalisuus liiketiloissasi<\/strong><\/h4>\n\n\n\n<p><strong>Aika: keskiviikko 24.9.2025 klo 8.-11.00<\/strong><\/p>\n\n\n\n<p>klo 8.00 &#8211; 8.45 Kahvittelua + verkostoitumista (Tarjolla kahvi\/tee ja pieni suolainen) ja yhdistyksen terkut ja markkinointivinkit loppuvuodeksi<\/p>\n\n\n\n<p>klo 8.45 &#8211; 10.15 Koulutus<\/p>\n\n\n\n<p>klo 10.15 &#8211; 11.00 Tilaan voi j\u00e4\u00e4d\u00e4 klo 11.00 asti juttelemaan ja verkostoitumaan! T\u00e4m\u00e4 on loistava tapa n\u00e4hd\u00e4 muita keskustan fiiliksen luojia. <\/p>\n\n\n\n<p><strong>Paikka: <\/strong>P\u00e4\u00e4kirjasto Metso, Pirkankatu 2, Kuusi-sali (pohjakerroksen luentosalit, sis\u00e4\u00e4nk\u00e4ynti  H\u00e4meenpuiston puolelta)<\/p>\n\n\n\n<p><strong>Hinta: <\/strong>30\u20ac + alv \/ henkil\u00f6, samasta organisaatiosta tulevat henkil\u00f6t (2) yhteens\u00e4 50\u20ac + alv <\/p>\n\n\n\n<p>Yhdistys tukee koulutusta. <\/p>\n\n\n\n<p class=\"has-white-color has-blue-background-color has-text-color has-background has-link-color has-medium-font-size wp-elements-385fd679ccc2da4716b2f1a1b1371b92\">Visuaalinen markkinointi on t\u00e4rke\u00e4 osa br\u00e4ndin rakentamista ja asiakaskokemusta. Sen tavoitteena on her\u00e4tt\u00e4\u00e4 huomiota, luoda tunnetta (luottamus) ja vaikuttaa ostop\u00e4\u00e4t\u00f6ksiin.<\/p>\n\n\n\n","protected":false},"excerpt":{"rendered":"<p>Ilmoittaudu mukaan visuaalisen myynnin koulutukseen, jossa otetaan erityisen k\u00e4yt\u00e4nn\u00f6nl\u00e4heinen ote. Tule inspiroitumaan ja kirjaamaan yl\u00f6s TO DO-listasi tulevaa joulukampanjointia silm\u00e4ll\u00e4pit\u00e4en. Aamup\u00e4iv\u00e4n saat vinkit tamperelaiselta Manta Viitakoskelta. &#8221;Yritykseni Amanda\u00b4s Eye Oy on toiminut vuodesta 2004.&nbsp;Olemme tiimini kanssa olleet mukana monissa upeissa projekteissa. Olemme erikoistuneet varsinkin kauppakeskusten kampanjarakentamiseen, hotellien aamiaiskattauksiin ja tapahtumiin sek\u00e4 jouluilmeen rakentamiseen erilaisissa tiloissa [&hellip;]<\/p>\n","protected":false},"author":5,"featured_media":0,"parent":0,"menu_order":0,"comment_status":"closed","ping_status":"closed","template":"","meta":{"_acf_changed":false,"content-type":"","footnotes":""},"class_list":["post-1673","page","type-page","status-publish","hentry"],"acf":[],"aioseo_notices":[],"_links":{"self":[{"href":"https:\/\/rakastampere.fi\/jasenille\/wp-json\/wp\/v2\/pages\/1673","targetHints":{"allow":["GET"]}}],"collection":[{"href":"https:\/\/rakastampere.fi\/jasenille\/wp-json\/wp\/v2\/pages"}],"about":[{"href":"https:\/\/rakastampere.fi\/jasenille\/wp-json\/wp\/v2\/types\/page"}],"author":[{"embeddable":true,"href":"https:\/\/rakastampere.fi\/jasenille\/wp-json\/wp\/v2\/users\/5"}],"replies":[{"embeddable":true,"href":"https:\/\/rakastampere.fi\/jasenille\/wp-json\/wp\/v2\/comments?post=1673"}],"version-history":[{"count":9,"href":"https:\/\/rakastampere.fi\/jasenille\/wp-json\/wp\/v2\/pages\/1673\/revisions"}],"predecessor-version":[{"id":1691,"href":"https:\/\/rakastampere.fi\/jasenille\/wp-json\/wp\/v2\/pages\/1673\/revisions\/1691"}],"wp:attachment":[{"href":"https:\/\/rakastampere.fi\/jasenille\/wp-json\/wp\/v2\/media?parent=1673"}],"curies":[{"name":"wp","href":"https:\/\/api.w.org\/{rel}","templated":true}]}}

<p>Ilmoittaudu mukaan visuaalisen myynnin koulutukseen, jossa otetaan erityisen käytännönläheinen ote. Tule inspiroitumaan ja kirjaamaan ylös TO DO-listasi tulevaa joulukampanjointia silmälläpitäen. Aamupäivän saat vinkit tamperelaiselta Manta Viitakoskelta.</p>



<figure class="wp-block-image size-large is-resized is-style-rounded"><img loading="lazy" decoding="async" width="1020" height="1024" src="https://rakastampere.fi/jasenille/wp-content/uploads/sites/2/2025/08/Manta-Viitakoski-1020x1024.jpeg" alt="" class="wp-image-1675" style="width:474px;height:auto" srcset="https://rakastampere.fi/jasenille/wp-content/uploads/sites/2/2025/08/Manta-Viitakoski-1020x1024.jpeg 1020w, https://rakastampere.fi/jasenille/wp-content/uploads/sites/2/2025/08/Manta-Viitakoski-797x800.jpeg 797w, https://rakastampere.fi/jasenille/wp-content/uploads/sites/2/2025/08/Manta-Viitakoski-768x771.jpeg 768w, https://rakastampere.fi/jasenille/wp-content/uploads/sites/2/2025/08/Manta-Viitakoski-160x160.jpeg 160w, https://rakastampere.fi/jasenille/wp-content/uploads/sites/2/2025/08/Manta-Viitakoski.jpeg 1025w" sizes="auto, (max-width: 1020px) 100vw, 1020px" /></figure>



<p>&#8221;Yritykseni Amanda´s Eye Oy on toiminut vuodesta 2004.&nbsp;Olemme tiimini kanssa olleet mukana monissa upeissa projekteissa. Olemme erikoistuneet varsinkin kauppakeskusten kampanjarakentamiseen, hotellien aamiaiskattauksiin ja tapahtumiin sekä jouluilmeen rakentamiseen erilaisissa tiloissa ja tapahtumissa. Olen kouluttanut useita vuosia Tamkissa ja Tredussa visualisteja ja luennoinut ympäri Suomea visuaalisen myyntityön tärkeydestä.&#8221;&nbsp;</p>



<p class="has-white-color has-green-background-color has-text-color has-background has-link-color wp-elements-73ef3598b9248aa07b7a72c6b0a9abee">Olet aivan varmasti törmännyt Mantan työjälkeen Suomessa ja Tampereella. Nyt Manta antaa teille tiivistetyn paketin huippuosaamista.</p>



<h4 class="wp-block-heading has-black-color has-text-color has-link-color wp-elements-a70c3dc62e85a015da47a094b29982e2"><strong>Visuaalisen myynnin koulutus:  Joulu &#8211; visuaalisuus liiketiloissasi</strong></h4>



<p><strong>Aika: keskiviikko 24.9.2025 klo 8.-11.00</strong></p>



<p>klo 8.00 &#8211; 8.45 Kahvittelua + verkostoitumista (Tarjolla kahvi/tee ja pieni suolainen) ja yhdistyksen terkut ja markkinointivinkit loppuvuodeksi</p>



<p>klo 8.45 &#8211; 10.15 Koulutus</p>



<p>klo 10.15 &#8211; 11.00 Tilaan voi jäädä klo 11.00 asti juttelemaan ja verkostoitumaan! Tämä on loistava tapa nähdä muita keskustan fiiliksen luojia. </p>



<p><strong>Paikka: </strong>Pääkirjasto Metso, Pirkankatu 2, Kuusi-sali (pohjakerroksen luentosalit, sisäänkäynti  Hämeenpuiston puolelta)</p>



<p><strong>Hinta: </strong>30€ + alv / henkilö, samasta organisaatiosta tulevat henkilöt (2) yhteensä 50€ + alv </p>



<p>Yhdistys tukee koulutusta. </p>



<p class="has-white-color has-blue-background-color has-text-color has-background has-link-color has-medium-font-size wp-elements-385fd679ccc2da4716b2f1a1b1371b92">Visuaalinen markkinointi on tärkeä osa brändin rakentamista ja asiakaskokemusta. Sen tavoitteena on herättää huomiota, luoda tunnetta (luottamus) ja vaikuttaa ostopäätöksiin.</p>

<p>Ilmoittaudu mukaan visuaalisen myynnin koulutukseen, jossa otetaan erityisen käytännönläheinen ote. Tule inspiroitumaan ja kirjaamaan ylös TO DO-listasi tulevaa joulukampanjointia silmälläpitäen. Aamupäivän saat vinkit tamperelaiselta Manta Viitakoskelta. &#8221;Yritykseni Amanda´s Eye Oy on toiminut vuodesta 2004.&nbsp;Olemme tiimini kanssa olleet mukana monissa upeissa projekteissa. Olemme erikoistuneet varsinkin kauppakeskusten kampanjarakentamiseen, hotellien aamiaiskattauksiin ja tapahtumiin sekä jouluilmeen rakentamiseen erilaisissa tiloissa [&hellip;]</p>
