{"id":1654,"date":"2025-08-19T11:28:01","date_gmt":"2025-08-19T08:28:01","guid":{"rendered":"https:\/\/rakastampere.fi\/jasenille\/?page_id=1654"},"modified":"2025-11-03T01:36:01","modified_gmt":"2025-11-02T23:36:01","slug":"juhlaseminaari","status":"publish","type":"page","link":"https:\/\/rakastampere.fi\/jasenille\/juhlaseminaari\/","title":{"rendered":"Juhlaseminaari"},"content":{"rendered":"\n<p><strong>Tampereen keskustan elinvoiman tulevaisuus &#8211; el\u00e4myksi\u00e4, kivijalkaa ja lumovoimaa<\/strong><\/p>\n\n\n\n<p>torstai 6.11.2025<br>Tampereen Teatteri, Keskustori<br>kello 8.30 &#8211; 12<\/p>\n\n\n\n<p>Tilaisuudessa on tarjolla aamukahvit sek\u00e4 verkostoitumislounas salaattibuffetista tilaisuuden seminaariosuuden j\u00e4lkeen.<\/p>\n\n\n\n<p>Kutsuttuina ovat Tampere Tunnetuksi ry:n j\u00e4senet, Tampereen kaupungin p\u00e4\u00e4tt\u00e4j\u00e4t ja ylin johto sek\u00e4 sidosryhmien edustajat.<\/p>\n\n\n\n<h4 class=\"wp-block-heading\"><mark style=\"background-color:#fff\" class=\"has-inline-color has-blue-color\">JUHLASEMINAARIN OHJELMA<\/mark> <\/h4>\n\n\n\n<p>klo 8.30 &#8211; 9.00 aamukahvit ja suolainen kahvileip\u00e4 <\/p>\n\n\n\n<p>klo 9 &#8211; 11 seminaari Tampereen Teatterin p\u00e4\u00e4n\u00e4ytt\u00e4m\u00f6ll\u00e4<\/p>\n\n\n\n<p>puheenjohtaja <strong>Marko Laaksonen<\/strong>, Tampere Tunnetuksi ry<br>pormestari <strong>Ilmari Nurminen<\/strong>, Tampereen kaupunki<br>kunta- ja alueministeri <strong>Anna-Kaisa Ikonen<\/strong><\/p>\n\n\n\n<p>Key Note puheenvuoro:<br><strong>Tampereen keskustan elinvoiman tulevaisuus &#8211; el\u00e4myksi\u00e4, kivijalkaa ja lumovoimaa<\/strong><br>el\u00e4mystalouden ty\u00f6el\u00e4m\u00e4professori <strong>Miika Lipi\u00e4inen<\/strong>, Tampereen yliopisto <br><br>klo 11-12 verkostoitumislounas ja syntym\u00e4p\u00e4iv\u00e4kahvit<\/p>\n\n\n\n<p>MENU <\/p>\n\n\n\n<p>Salattibuffee<br>Coleslaw (M,G)<br>Appelsiinisalaattia oliivien ja fenkolin kera (Veg,G)<br>Fetaa, melonia ja kikherneit\u00e4 (L,G)<br>Maalaissalaattia l\u00e4mminsavulohesta (M,G)<br>Tex Mex kanasalaattia (M,G)<\/p>\n\n\n\n<p>Lisukkeet:<br>Rapeita siemeni\u00e4 ja p\u00e4hkin\u00f6it\u00e4<br>Sinappista salaatinkastiketta ja yrttist\u00e4 vinegrette\u00e4<br>Patonkia ja levitteit\u00e4<\/p>\n\n\n\n<p>Syntt\u00e4rikakkua<br>Kahvia \/ teet\u00e4<\/p>\n\n\n\n<p>Ilmoittautuminen p\u00e4\u00e4ttyi torstaina 30.10.2025.<br><\/p>\n\n\n\n<p><strong>Lis\u00e4tiedot<\/strong>: toiminnanjohtaja Riikka T\u00f6yt\u00e4ri, p. 040 5821949<\/p>\n\n\n\n<figure class=\"wp-block-image size-large\"><img loading=\"lazy\" decoding=\"async\" width=\"1024\" height=\"659\" src=\"https:\/\/rakastampere.fi\/jasenille\/wp-content\/uploads\/sites\/2\/2025\/09\/KUTSU-Tampere-Tunnetuksi-ry-juhlaseminaari-6.11.2025-1024x659.jpg\" alt=\"\" class=\"wp-image-1703\" srcset=\"https:\/\/rakastampere.fi\/jasenille\/wp-content\/uploads\/sites\/2\/2025\/09\/KUTSU-Tampere-Tunnetuksi-ry-juhlaseminaari-6.11.2025-1024x659.jpg 1024w, https:\/\/rakastampere.fi\/jasenille\/wp-content\/uploads\/sites\/2\/2025\/09\/KUTSU-Tampere-Tunnetuksi-ry-juhlaseminaari-6.11.2025-800x515.jpg 800w, https:\/\/rakastampere.fi\/jasenille\/wp-content\/uploads\/sites\/2\/2025\/09\/KUTSU-Tampere-Tunnetuksi-ry-juhlaseminaari-6.11.2025-768x494.jpg 768w, https:\/\/rakastampere.fi\/jasenille\/wp-content\/uploads\/sites\/2\/2025\/09\/KUTSU-Tampere-Tunnetuksi-ry-juhlaseminaari-6.11.2025-1536x988.jpg 1536w, https:\/\/rakastampere.fi\/jasenille\/wp-content\/uploads\/sites\/2\/2025\/09\/KUTSU-Tampere-Tunnetuksi-ry-juhlaseminaari-6.11.2025-1200x772.jpg 1200w, https:\/\/rakastampere.fi\/jasenille\/wp-content\/uploads\/sites\/2\/2025\/09\/KUTSU-Tampere-Tunnetuksi-ry-juhlaseminaari-6.11.2025.jpg 1811w\" sizes=\"auto, (max-width: 1024px) 100vw, 1024px\" \/><\/figure>\n","protected":false},"excerpt":{"rendered":"<p>Tampereen keskustan elinvoiman tulevaisuus &#8211; el\u00e4myksi\u00e4, kivijalkaa ja lumovoimaa torstai 6.11.2025Tampereen Teatteri, Keskustorikello 8.30 &#8211; 12 Tilaisuudessa on tarjolla aamukahvit sek\u00e4 verkostoitumislounas salaattibuffetista tilaisuuden seminaariosuuden j\u00e4lkeen. Kutsuttuina ovat Tampere Tunnetuksi ry:n j\u00e4senet, Tampereen kaupungin p\u00e4\u00e4tt\u00e4j\u00e4t ja ylin johto sek\u00e4 sidosryhmien edustajat. JUHLASEMINAARIN OHJELMA klo 8.30 &#8211; 9.00 aamukahvit ja suolainen kahvileip\u00e4 klo 9 &#8211; 11 [&hellip;]<\/p>\n","protected":false},"author":4,"featured_media":0,"parent":0,"menu_order":0,"comment_status":"closed","ping_status":"closed","template":"","meta":{"_acf_changed":false,"content-type":"","footnotes":""},"class_list":["post-1654","page","type-page","status-publish","hentry"],"acf":[],"aioseo_notices":[],"_links":{"self":[{"href":"https:\/\/rakastampere.fi\/jasenille\/wp-json\/wp\/v2\/pages\/1654","targetHints":{"allow":["GET"]}}],"collection":[{"href":"https:\/\/rakastampere.fi\/jasenille\/wp-json\/wp\/v2\/pages"}],"about":[{"href":"https:\/\/rakastampere.fi\/jasenille\/wp-json\/wp\/v2\/types\/page"}],"author":[{"embeddable":true,"href":"https:\/\/rakastampere.fi\/jasenille\/wp-json\/wp\/v2\/users\/4"}],"replies":[{"embeddable":true,"href":"https:\/\/rakastampere.fi\/jasenille\/wp-json\/wp\/v2\/comments?post=1654"}],"version-history":[{"count":18,"href":"https:\/\/rakastampere.fi\/jasenille\/wp-json\/wp\/v2\/pages\/1654\/revisions"}],"predecessor-version":[{"id":1795,"href":"https:\/\/rakastampere.fi\/jasenille\/wp-json\/wp\/v2\/pages\/1654\/revisions\/1795"}],"wp:attachment":[{"href":"https:\/\/rakastampere.fi\/jasenille\/wp-json\/wp\/v2\/media?parent=1654"}],"curies":[{"name":"wp","href":"https:\/\/api.w.org\/{rel}","templated":true}]}}

<p><strong>Tampereen keskustan elinvoiman tulevaisuus &#8211; elämyksiä, kivijalkaa ja lumovoimaa</strong></p>



<p>torstai 6.11.2025<br>Tampereen Teatteri, Keskustori<br>kello 8.30 &#8211; 12</p>



<p>Tilaisuudessa on tarjolla aamukahvit sekä verkostoitumislounas salaattibuffetista tilaisuuden seminaariosuuden jälkeen.</p>



<p>Kutsuttuina ovat Tampere Tunnetuksi ry:n jäsenet, Tampereen kaupungin päättäjät ja ylin johto sekä sidosryhmien edustajat.</p>



<h4 class="wp-block-heading"><mark style="background-color:#fff" class="has-inline-color has-blue-color">JUHLASEMINAARIN OHJELMA</mark> </h4>



<p>klo 8.30 &#8211; 9.00 aamukahvit ja suolainen kahvileipä </p>



<p>klo 9 &#8211; 11 seminaari Tampereen Teatterin päänäyttämöllä</p>



<p>puheenjohtaja <strong>Marko Laaksonen</strong>, Tampere Tunnetuksi ry<br>pormestari <strong>Ilmari Nurminen</strong>, Tampereen kaupunki<br>kunta- ja alueministeri <strong>Anna-Kaisa Ikonen</strong></p>



<p>Key Note puheenvuoro:<br><strong>Tampereen keskustan elinvoiman tulevaisuus &#8211; elämyksiä, kivijalkaa ja lumovoimaa</strong><br>elämystalouden työelämäprofessori <strong>Miika Lipiäinen</strong>, Tampereen yliopisto <br><br>klo 11-12 verkostoitumislounas ja syntymäpäiväkahvit</p>



<p>MENU </p>



<p>Salattibuffee<br>Coleslaw (M,G)<br>Appelsiinisalaattia oliivien ja fenkolin kera (Veg,G)<br>Fetaa, melonia ja kikherneitä (L,G)<br>Maalaissalaattia lämminsavulohesta (M,G)<br>Tex Mex kanasalaattia (M,G)</p>



<p>Lisukkeet:<br>Rapeita siemeniä ja pähkinöitä<br>Sinappista salaatinkastiketta ja yrttistä vinegretteä<br>Patonkia ja levitteitä</p>



<p>Synttärikakkua<br>Kahvia / teetä</p>



<p>Ilmoittautuminen päättyi torstaina 30.10.2025.<br></p>



<p><strong>Lisätiedot</strong>: toiminnanjohtaja Riikka Töytäri, p. 040 5821949</p>



<figure class="wp-block-image size-large"><img loading="lazy" decoding="async" width="1024" height="659" src="https://rakastampere.fi/jasenille/wp-content/uploads/sites/2/2025/09/KUTSU-Tampere-Tunnetuksi-ry-juhlaseminaari-6.11.2025-1024x659.jpg" alt="" class="wp-image-1703" srcset="https://rakastampere.fi/jasenille/wp-content/uploads/sites/2/2025/09/KUTSU-Tampere-Tunnetuksi-ry-juhlaseminaari-6.11.2025-1024x659.jpg 1024w, https://rakastampere.fi/jasenille/wp-content/uploads/sites/2/2025/09/KUTSU-Tampere-Tunnetuksi-ry-juhlaseminaari-6.11.2025-800x515.jpg 800w, https://rakastampere.fi/jasenille/wp-content/uploads/sites/2/2025/09/KUTSU-Tampere-Tunnetuksi-ry-juhlaseminaari-6.11.2025-768x494.jpg 768w, https://rakastampere.fi/jasenille/wp-content/uploads/sites/2/2025/09/KUTSU-Tampere-Tunnetuksi-ry-juhlaseminaari-6.11.2025-1536x988.jpg 1536w, https://rakastampere.fi/jasenille/wp-content/uploads/sites/2/2025/09/KUTSU-Tampere-Tunnetuksi-ry-juhlaseminaari-6.11.2025-1200x772.jpg 1200w, https://rakastampere.fi/jasenille/wp-content/uploads/sites/2/2025/09/KUTSU-Tampere-Tunnetuksi-ry-juhlaseminaari-6.11.2025.jpg 1811w" sizes="auto, (max-width: 1024px) 100vw, 1024px" /></figure>

<p>Tampereen keskustan elinvoiman tulevaisuus &#8211; elämyksiä, kivijalkaa ja lumovoimaa torstai 6.11.2025Tampereen Teatteri, Keskustorikello 8.30 &#8211; 12 Tilaisuudessa on tarjolla aamukahvit sekä verkostoitumislounas salaattibuffetista tilaisuuden seminaariosuuden jälkeen. Kutsuttuina ovat Tampere Tunnetuksi ry:n jäsenet, Tampereen kaupungin päättäjät ja ylin johto sekä sidosryhmien edustajat. JUHLASEMINAARIN OHJELMA klo 8.30 &#8211; 9.00 aamukahvit ja suolainen kahvileipä klo 9 &#8211; 11 [&hellip;]</p>
