{"id":1457,"date":"2025-05-02T11:08:36","date_gmt":"2025-05-02T08:08:36","guid":{"rendered":"https:\/\/rakastampere.fi\/jasenille\/?page_id=1457"},"modified":"2025-05-06T10:43:27","modified_gmt":"2025-05-06T07:43:27","slug":"mediapankki","status":"publish","type":"page","link":"https:\/\/rakastampere.fi\/jasenille\/mediapankki\/","title":{"rendered":"Mediapankki"},"content":{"rendered":"\n<h3 class=\"wp-block-heading\">Tampere Tunnetuksi ry LOGOT<\/h3>\n\n\n\n<p><\/p>\n\n\n\n<h5 class=\"wp-block-heading\">Lis\u00e4\u00e4 Tampere Tunnetuksi leima.  Lataa leima t\u00e4st\u00e4.<\/h5>\n\n\n\n<h3 class=\"wp-block-heading\">Rakas Tampere Passin Mediapankki<\/h3>\n\n\n\n<h5 class=\"wp-block-heading has-black-color has-text-color\">Lis\u00e4\u00e4 Rakas Tampere Passin logo etuudestasi kertovaan markkinointiin. Lataa Passin logo t\u00e4st\u00e4. <\/h5>\n\n\n\n<p class=\"has-black-color has-text-color\">Listauksen logot ovat vektoripohjaisia ja saat ne ladattuasi k\u00e4ytt\u00f6\u00f6si kuvank\u00e4sittelyohjelmassa tai vaikkapa maksuttomassa Canva-ohjelmassa. <\/p>\n\n\n\n<p class=\"has-black-color has-text-color\">Jos haluat ladata yksinkertaisen logokuvan, <a href=\"https:\/\/rakastampere.fi\/jasenille\/wp-content\/uploads\/sites\/2\/2024\/01\/Rakas-Tampere-Passi-kuvana-1.jpg\" title=\"\">tee se t\u00e4st\u00e4<\/a>.<\/p>\n\n\n\n<p class=\"has-black-color has-text-color\"><\/p>\n\n\n\n<div class=\"wp-block-file\"><a id=\"wp-block-file--media-55c74dc5-cae5-40f1-8fc2-acd7c9fd8b2a\" href=\"https:\/\/rakastampere.fi\/jasenille\/wp-content\/uploads\/sites\/2\/2023\/09\/rakastampere-passi_logo_rgb.jpg\">VIHRE\u00c4 LOGO  rakastampere-passi_logo_rgb<\/a><a href=\"https:\/\/rakastampere.fi\/jasenille\/wp-content\/uploads\/sites\/2\/2023\/09\/rakastampere-passi_logo_rgb.jpg\" class=\"wp-block-file__button wp-element-button\" download aria-describedby=\"wp-block-file--media-55c74dc5-cae5-40f1-8fc2-acd7c9fd8b2a\">Lataa<\/a><\/div>\n\n\n\n<div class=\"wp-block-file\"><a id=\"wp-block-file--media-8e2fca10-86c4-4ded-80b9-ea233d550084\" href=\"https:\/\/rakastampere.fi\/jasenille\/wp-content\/uploads\/sites\/2\/2023\/09\/rakastampere-passi_logo_musta_rgb.png\">MUSTA LOGO rakastampere-passi_logo_musta_rgb<\/a><a href=\"https:\/\/rakastampere.fi\/jasenille\/wp-content\/uploads\/sites\/2\/2023\/09\/rakastampere-passi_logo_musta_rgb.png\" class=\"wp-block-file__button wp-element-button\" download aria-describedby=\"wp-block-file--media-8e2fca10-86c4-4ded-80b9-ea233d550084\">Lataa<\/a><\/div>\n\n\n\n<div class=\"wp-block-file\"><a id=\"wp-block-file--media-b2e04eba-044b-4ca2-8a47-ffde4f82e3e2\" href=\"https:\/\/rakastampere.fi\/jasenille\/wp-content\/uploads\/sites\/2\/2023\/09\/rakastampere-passi_logo_valkoinen_rgb-1.png\">VALKOINEN LOGO rakastampere-passi_logo_valkoinen_rgb-1<\/a><a href=\"https:\/\/rakastampere.fi\/jasenille\/wp-content\/uploads\/sites\/2\/2023\/09\/rakastampere-passi_logo_valkoinen_rgb-1.png\" class=\"wp-block-file__button wp-element-button\" download aria-describedby=\"wp-block-file--media-b2e04eba-044b-4ca2-8a47-ffde4f82e3e2\">Lataa<\/a><\/div>\n\n\n\n<p><\/p>\n\n\n\n<h5 class=\"wp-block-heading\">Lis\u00e4\u00e4 Rakas Tampere leima markkinointiisi. Lataa leima t\u00e4st\u00e4. <\/h5>\n\n\n\n<div class=\"wp-block-file\"><a id=\"wp-block-file--media-1ff9cbc7-7ffa-4af8-81d0-b5f458380ff4\" href=\"https:\/\/rakastampere.fi\/jasenille\/wp-content\/uploads\/sites\/2\/2023\/09\/rakastampere_leima_musta_rgb.jpg\">MUSTA LEIMA rakastampere_leima_musta_rgb<\/a><a href=\"https:\/\/rakastampere.fi\/jasenille\/wp-content\/uploads\/sites\/2\/2023\/09\/rakastampere_leima_musta_rgb.jpg\" class=\"wp-block-file__button wp-element-button\" download aria-describedby=\"wp-block-file--media-1ff9cbc7-7ffa-4af8-81d0-b5f458380ff4\">Lataa<\/a><\/div>\n\n\n\n<p><\/p>\n\n\n\n<div class=\"wp-block-file\"><a id=\"wp-block-file--media-7e36fe52-9725-4417-bd99-87feed698047\" href=\"https:\/\/rakastampere.fi\/jasenille\/wp-content\/uploads\/sites\/2\/2023\/09\/rakastampere_leima_valkoinen_rgb.png\">VALKOINEN LEIMA rakastampere_leima_valkoinen_rgb<\/a><a href=\"https:\/\/rakastampere.fi\/jasenille\/wp-content\/uploads\/sites\/2\/2023\/09\/rakastampere_leima_valkoinen_rgb.png\" class=\"wp-block-file__button wp-element-button\" download aria-describedby=\"wp-block-file--media-7e36fe52-9725-4417-bd99-87feed698047\">Lataa<\/a><\/div>\n\n\n\n<p><\/p>\n","protected":false},"excerpt":{"rendered":"<p>Tampere Tunnetuksi ry LOGOT Lis\u00e4\u00e4 Tampere Tunnetuksi leima. Lataa leima t\u00e4st\u00e4. Rakas Tampere Passin Mediapankki Lis\u00e4\u00e4 Rakas Tampere Passin logo etuudestasi kertovaan markkinointiin. Lataa Passin logo t\u00e4st\u00e4. Listauksen logot ovat vektoripohjaisia ja saat ne ladattuasi k\u00e4ytt\u00f6\u00f6si kuvank\u00e4sittelyohjelmassa tai vaikkapa maksuttomassa Canva-ohjelmassa. Jos haluat ladata yksinkertaisen logokuvan, tee se t\u00e4st\u00e4. Lis\u00e4\u00e4 Rakas Tampere leima markkinointiisi. Lataa [&hellip;]<\/p>\n","protected":false},"author":4,"featured_media":0,"parent":0,"menu_order":0,"comment_status":"closed","ping_status":"closed","template":"","meta":{"_acf_changed":false,"content-type":"","footnotes":""},"class_list":["post-1457","page","type-page","status-publish","hentry"],"acf":[],"aioseo_notices":[],"_links":{"self":[{"href":"https:\/\/rakastampere.fi\/jasenille\/wp-json\/wp\/v2\/pages\/1457","targetHints":{"allow":["GET"]}}],"collection":[{"href":"https:\/\/rakastampere.fi\/jasenille\/wp-json\/wp\/v2\/pages"}],"about":[{"href":"https:\/\/rakastampere.fi\/jasenille\/wp-json\/wp\/v2\/types\/page"}],"author":[{"embeddable":true,"href":"https:\/\/rakastampere.fi\/jasenille\/wp-json\/wp\/v2\/users\/4"}],"replies":[{"embeddable":true,"href":"https:\/\/rakastampere.fi\/jasenille\/wp-json\/wp\/v2\/comments?post=1457"}],"version-history":[{"count":3,"href":"https:\/\/rakastampere.fi\/jasenille\/wp-json\/wp\/v2\/pages\/1457\/revisions"}],"predecessor-version":[{"id":1512,"href":"https:\/\/rakastampere.fi\/jasenille\/wp-json\/wp\/v2\/pages\/1457\/revisions\/1512"}],"wp:attachment":[{"href":"https:\/\/rakastampere.fi\/jasenille\/wp-json\/wp\/v2\/media?parent=1457"}],"curies":[{"name":"wp","href":"https:\/\/api.w.org\/{rel}","templated":true}]}}