{"id":1454,"date":"2025-05-02T11:06:49","date_gmt":"2025-05-02T08:06:49","guid":{"rendered":"https:\/\/rakastampere.fi\/jasenille\/?page_id=1454"},"modified":"2026-01-27T18:21:50","modified_gmt":"2026-01-27T16:21:50","slug":"tyoryhmat-2","status":"publish","type":"page","link":"https:\/\/rakastampere.fi\/jasenille\/tyoryhmat-2\/","title":{"rendered":"Ty\u00f6ryhm\u00e4t"},"content":{"rendered":"\n<p><\/p>\n\n\n\n<p>Tampere Tunnetuksi ry:ll\u00e4 on ty\u00f6ryhmi\u00e4, jotka koostuvat yhdistyksen j\u00e4senten edustajista sek\u00e4 kutsutuista sidosryhm\u00e4edustajista. <\/p>\n\n\n\n<p>Ty\u00f6ryhmien teht\u00e4v\u00e4n\u00e4 on olla asiantuntijavalmistelijoita oman toimialansa asioissa.<\/p>\n\n\n\n<p><strong>Ty\u00f6ryhm\u00e4t 202<\/strong>6<br><br><strong>Keskustan kaupan ty\u00f6ryhm\u00e4<\/strong><br>puheenjohtajana Reeta Thure<br>sihteerin\u00e4 Riikka T\u00f6yt\u00e4ri<\/p>\n\n\n\n<p><strong>Kiinteist\u00f6t- ja kolmikantaty\u00f6ryhm\u00e4<\/strong><br>puheenjohtajana Tarja Sara<br>sihteerin\u00e4 Riikka T\u00f6yt\u00e4ri<\/p>\n\n\n\n<p><strong>Markkinointity\u00f6ryhm\u00e4<\/strong><br>puheenjohtajana Heli Jokela<br>sihteerin\u00e4 Heidi Kormao<br><\/p>\n","protected":false},"excerpt":{"rendered":"<p>Tampere Tunnetuksi ry:ll\u00e4 on ty\u00f6ryhmi\u00e4, jotka koostuvat yhdistyksen j\u00e4senten edustajista sek\u00e4 kutsutuista sidosryhm\u00e4edustajista. Ty\u00f6ryhmien teht\u00e4v\u00e4n\u00e4 on olla asiantuntijavalmistelijoita oman toimialansa asioissa. Ty\u00f6ryhm\u00e4t 2026 Keskustan kaupan ty\u00f6ryhm\u00e4puheenjohtajana Reeta Thuresihteerin\u00e4 Riikka T\u00f6yt\u00e4ri Kiinteist\u00f6t- ja kolmikantaty\u00f6ryhm\u00e4puheenjohtajana Tarja Sarasihteerin\u00e4 Riikka T\u00f6yt\u00e4ri Markkinointity\u00f6ryhm\u00e4puheenjohtajana Heli Jokelasihteerin\u00e4 Heidi Kormao<\/p>\n","protected":false},"author":4,"featured_media":0,"parent":0,"menu_order":0,"comment_status":"closed","ping_status":"closed","template":"","meta":{"_acf_changed":false,"content-type":"","footnotes":""},"class_list":["post-1454","page","type-page","status-publish","hentry"],"acf":[],"aioseo_notices":[],"_links":{"self":[{"href":"https:\/\/rakastampere.fi\/jasenille\/wp-json\/wp\/v2\/pages\/1454","targetHints":{"allow":["GET"]}}],"collection":[{"href":"https:\/\/rakastampere.fi\/jasenille\/wp-json\/wp\/v2\/pages"}],"about":[{"href":"https:\/\/rakastampere.fi\/jasenille\/wp-json\/wp\/v2\/types\/page"}],"author":[{"embeddable":true,"href":"https:\/\/rakastampere.fi\/jasenille\/wp-json\/wp\/v2\/users\/4"}],"replies":[{"embeddable":true,"href":"https:\/\/rakastampere.fi\/jasenille\/wp-json\/wp\/v2\/comments?post=1454"}],"version-history":[{"count":2,"href":"https:\/\/rakastampere.fi\/jasenille\/wp-json\/wp\/v2\/pages\/1454\/revisions"}],"predecessor-version":[{"id":1866,"href":"https:\/\/rakastampere.fi\/jasenille\/wp-json\/wp\/v2\/pages\/1454\/revisions\/1866"}],"wp:attachment":[{"href":"https:\/\/rakastampere.fi\/jasenille\/wp-json\/wp\/v2\/media?parent=1454"}],"curies":[{"name":"wp","href":"https:\/\/api.w.org\/{rel}","templated":true}]}}

Työryhmät

<p></p>



<p>Tampere Tunnetuksi ry:llä on työryhmiä, jotka koostuvat yhdistyksen jäsenten edustajista sekä kutsutuista sidosryhmäedustajista. </p>



<p>Työryhmien tehtävänä on olla asiantuntijavalmistelijoita oman toimialansa asioissa.</p>



<p><strong>Työryhmät 202</strong>6<br><br><strong>Keskustan kaupan työryhmä</strong><br>puheenjohtajana Reeta Thure<br>sihteerinä Riikka Töytäri</p>



<p><strong>Kiinteistöt- ja kolmikantatyöryhmä</strong><br>puheenjohtajana Tarja Sara<br>sihteerinä Riikka Töytäri</p>



<p><strong>Markkinointityöryhmä</strong><br>puheenjohtajana Heli Jokela<br>sihteerinä Heidi Kormao<br></p>

<p>Tampere Tunnetuksi ry:llä on työryhmiä, jotka koostuvat yhdistyksen jäsenten edustajista sekä kutsutuista sidosryhmäedustajista. Työryhmien tehtävänä on olla asiantuntijavalmistelijoita oman toimialansa asioissa. Työryhmät 2026 Keskustan kaupan työryhmäpuheenjohtajana Reeta Thuresihteerinä Riikka Töytäri Kiinteistöt- ja kolmikantatyöryhmäpuheenjohtajana Tarja Sarasihteerinä Riikka Töytäri Markkinointityöryhmäpuheenjohtajana Heli Jokelasihteerinä Heidi Kormao</p>
