{"id":1412,"date":"2025-04-23T13:12:14","date_gmt":"2025-04-23T10:12:14","guid":{"rendered":"https:\/\/rakastampere.fi\/jasenille\/?page_id=1412"},"modified":"2025-11-10T13:20:24","modified_gmt":"2025-11-10T11:20:24","slug":"joulu2025","status":"publish","type":"page","link":"https:\/\/rakastampere.fi\/jasenille\/joulu2025\/","title":{"rendered":"Yhdistyksen joulukampanjat 2025"},"content":{"rendered":"\n<figure class=\"wp-block-image size-full is-style-default\"><img loading=\"lazy\" decoding=\"async\" width=\"1300\" height=\"867\" src=\"https:\/\/rakastampere.fi\/jasenille\/wp-content\/uploads\/sites\/2\/2025\/04\/joulunavaus_25_S.jpg\" alt=\"\" class=\"wp-image-1423\" srcset=\"https:\/\/rakastampere.fi\/jasenille\/wp-content\/uploads\/sites\/2\/2025\/04\/joulunavaus_25_S.jpg 1300w, https:\/\/rakastampere.fi\/jasenille\/wp-content\/uploads\/sites\/2\/2025\/04\/joulunavaus_25_S-800x534.jpg 800w, https:\/\/rakastampere.fi\/jasenille\/wp-content\/uploads\/sites\/2\/2025\/04\/joulunavaus_25_S-1024x683.jpg 1024w, https:\/\/rakastampere.fi\/jasenille\/wp-content\/uploads\/sites\/2\/2025\/04\/joulunavaus_25_S-768x512.jpg 768w, https:\/\/rakastampere.fi\/jasenille\/wp-content\/uploads\/sites\/2\/2025\/04\/joulunavaus_25_S-1200x800.jpg 1200w\" sizes=\"auto, (max-width: 1300px) 100vw, 1300px\" \/><figcaption class=\"wp-element-caption\">Vuonna 2024 Joulutorilla k\u00e4vi joulunavaus -p\u00e4iv\u00e4n\u00e4 35 000 k\u00e4vij\u00e4\u00e4.<\/figcaption><\/figure>\n\n\n\n<p class=\"has-white-color has-blue-background-color has-text-color has-background has-link-color has-medium-font-size wp-elements-60a467825d88b0bc704e488859957e74\">LOMAKE-ILMOITTAUTUMINEN P\u00c4\u00c4TTYNYT <\/p>\n\n\n\n<p class=\"has-white-color has-blue-background-color has-text-color has-background has-link-color has-medium-font-size wp-elements-8469d47519e81e4b6345f7c37cc70641\">OTA YHTEYTT\u00c4 KAUPALLISEEN TUOTTAJAAN HENKIL\u00d6KOHTAISESTI<\/p>\n\n\n\n<h5 class=\"wp-block-heading\"><strong>Tampere Tunnetuksi ry:n kutsuu kaikkia j\u00e4seni\u00e4\u00e4n kampanjoimaan tulevana joulusesonkina 2025! <\/strong><\/h5>\n\n\n\n<p>Luodaan j\u00e4lleen yhdess\u00e4 kutsuva tunnelmallinen Tampereen ydinkeskusta, jossa on kiinnostavia tapahtumia ja mielenkiintoisia ostoskohteita. <\/p>\n\n\n\n<p><strong>Joulun 2025 markkinointikokonaisuus koostuu seuraavista:<\/strong><\/p>\n\n\n\n<ul class=\"wp-block-list\">\n<li>Kaunein Jouluikkuna -kilpailusta (150 \u20ac +alv)<\/li>\n\n\n\n<li>Sosiaalisen median suositusta joulukalenteriarvonnasta (150 \u20ac + alv)<\/li>\n\n\n\n<li>Perinteisest\u00e4 joulunavauksesta ja jouluparaatista lauantaina 22.11.2025 (0 \u20ac)<\/li>\n<\/ul>\n\n\n\n<h2 class=\"wp-block-heading\">KAUNEIN JOULUIKKUNA 2025-kilpailu<\/h2>\n\n\n<div class=\"wp-block-image is-style-rounded\">\n<figure class=\"aligncenter size-large is-resized\"><img loading=\"lazy\" decoding=\"async\" width=\"1024\" height=\"1024\" src=\"https:\/\/rakastampere.fi\/jasenille\/wp-content\/uploads\/sites\/2\/2025\/05\/kauneinjouluikkuna2025_tausta_logo_some_nelio-1024x1024.jpg\" alt=\"\" class=\"wp-image-1560\" style=\"width:533px;height:auto\" srcset=\"https:\/\/rakastampere.fi\/jasenille\/wp-content\/uploads\/sites\/2\/2025\/05\/kauneinjouluikkuna2025_tausta_logo_some_nelio-1024x1024.jpg 1024w, https:\/\/rakastampere.fi\/jasenille\/wp-content\/uploads\/sites\/2\/2025\/05\/kauneinjouluikkuna2025_tausta_logo_some_nelio-800x800.jpg 800w, https:\/\/rakastampere.fi\/jasenille\/wp-content\/uploads\/sites\/2\/2025\/05\/kauneinjouluikkuna2025_tausta_logo_some_nelio-768x768.jpg 768w, https:\/\/rakastampere.fi\/jasenille\/wp-content\/uploads\/sites\/2\/2025\/05\/kauneinjouluikkuna2025_tausta_logo_some_nelio-160x160.jpg 160w, https:\/\/rakastampere.fi\/jasenille\/wp-content\/uploads\/sites\/2\/2025\/05\/kauneinjouluikkuna2025_tausta_logo_some_nelio-1200x1200.jpg 1200w, https:\/\/rakastampere.fi\/jasenille\/wp-content\/uploads\/sites\/2\/2025\/05\/kauneinjouluikkuna2025_tausta_logo_some_nelio-600x600.jpg 600w, https:\/\/rakastampere.fi\/jasenille\/wp-content\/uploads\/sites\/2\/2025\/05\/kauneinjouluikkuna2025_tausta_logo_some_nelio.jpg 1400w\" sizes=\"auto, (max-width: 1024px) 100vw, 1024px\" \/><\/figure>\n<\/div>\n\n\n<p class=\"has-white-color has-green-background-color has-text-color has-background has-link-color wp-elements-eb603c620bd1ef3a7f4e0ea72280e8c9\"><strong>Aikaisempinakin vuosina toteutettu kampanja kutsuu ihmisi\u00e4 k\u00e4velylle ja kurkkaamaan kivijalkaliikkeiden ikkunoita. T\u00e4m\u00e4 on mahdollisuus l\u00f6yt\u00e4\u00e4 uusia asiakkaita! <\/strong><\/p>\n\n\n\n<p><strong>Mik\u00e4 Kaunein Jouluikkuna?<\/strong> <br>Leikkimielinen kilpailu Tampereen keskustan yrityksien jouluisten n\u00e4yteikkunoiden v\u00e4lill\u00e4! <br>Kaunein Jouluikkuna kilpailuun voi ilmoittautua mukaan Tampere Tunnetuksi ry:n j\u00e4senet ja DesignOnTampere ry:n karttaliikkeet.<\/p>\n\n\n\n<ul class=\"wp-block-list\">\n<li>Yleis\u00f6\u00e4\u00e4nestyksen lis\u00e4ksi asiantuntijaraati valitsee oman suosikkinsa.<\/li>\n\n\n\n<li>Voitokas ikkuna kilpailee valtakunnallisessa jouluikkunakisassa. <\/li>\n\n\n\n<li>Yleis\u00f6\u00e4\u00e4nestyksen ja raadin suosikista tehd\u00e4\u00e4n mediatiedote ja artikkeli <a href=\"https:\/\/rakastampere.fi\/blog\/stockmannilla-on-kaunein-jouluikkuna-2024\/\" title=\"Rakas Tampere-verkkosivuille\">Rakas Tampere-verkkosivuille<\/a>. <\/li>\n<\/ul>\n\n\n\n<p>Osallistujille tehd\u00e4\u00e4n numeroidut tarrat ikkunoihin ja kilpailua markkinoidaan sosiaalisessa mediassa sek\u00e4 kilpailusta tiedotetaan medioita. Osallistujaikkunat k\u00e4yd\u00e4\u00e4n kuvaamassa ammattilaisen toimesta juuri ennen julkistusta, kuvat otetaan rakastampere.fi -verkkosivuille \u00e4\u00e4nestyslomaketta varten. Osallistujayritykset vied\u00e4\u00e4n taittajan tekem\u00e4\u00e4n karttakuvaan ja listataan karttaan, jonka voi laittaa omille sivuille. <\/p>\n\n\n\n<p>\u00c4\u00e4nestyslomakkeelle omat yhteystietonsa j\u00e4tt\u00e4neiden kesken arvotaan 250 euron arvoinen lahjakortti, jonka voittaja saa valita, ett\u00e4 mihin keskustan yritykseen sen haluaa. Rajoitteena on, ett\u00e4 yrityksen pit\u00e4\u00e4 olla mukana Kaunein jouluikkuna -kilpailussa. Tampere Tunnetuksi maksaa palkinnon arvontaveron.<\/p>\n\n\n\n<p><strong>Osallistumishinta:<\/strong> 150 euroa + alv 25,5 % \/ yritys<br><strong>Kampanja-aika<\/strong>: la 22.11.\u2014 su 14.12.2025<br><strong>Kilpailupaikkojen varaus dl:<\/strong> ma 3.11.2025 (t\u00e4rke\u00e4\u00e4 tarrojen painoa ja jakelua varten)<br><br><strong>L\u00e4hde mukaan kampanjaan:<\/strong> Ilmoittautumislomake on sivun alaosassa.<\/p>\n\n\n\n<hr class=\"wp-block-separator has-alpha-channel-opacity\" \/>\n\n\n\n<h2 class=\"wp-block-heading\"><strong>JOULUKALENTERI -arvonnat<\/strong><\/h2>\n\n\n\n<p class=\"has-white-color has-green-background-color has-text-color has-background has-link-color wp-elements-4a9912dd924b2f85bb74fd5f568e4751\"><strong>Aikaisempina vuosina toteutettu joulukalenteri toteutetaan my\u00f6s t\u00e4n\u00e4 vuonna! Kalenteripaikkoja on 23 ja paikat t\u00e4ytet\u00e4\u00e4n ilmoittautumisj\u00e4rjestyksess\u00e4.<\/strong><\/p>\n\n\n\n<p>Suosittu kalenteri on saanut ihmisi\u00e4 aktivoitumaan sosiaalisessa mediassa runsain mitoin ja se on yritykselle paikka kertoa itsest\u00e4\u00e4n. Kalenteri toteutetaan Rakas Tampereen Facebook\u2013 ja Instagram-kanavilla.<\/p>\n\n\n\n<p>Kilpailuun osallistuminen: ilmoittaudu mukaan ja l\u00e4het\u00e4 kaupalliselle tuottajalle yrityksesi n\u00e4k\u00f6inen kalenterikuva ja arvontatekstin perussis\u00e4lt\u00f6 s\u00e4hk\u00f6postilla. Tampere Tunnetuksi (Rakas Tampere) huolehtii postaukset ja markkinoi joulukalenteria. Tampere Tunnetuksi ry:n kaupallinen tuottaja ilmoittaa voittajasta yritykselle. <strong>Yritys toimittaa palkinnon voittajalle ITSE<\/strong> sopivaksi katsomallaan keinolla. Tampere Tunnetuksi ry maksaa arvontaverot (laskennallinen arvo on 50 \u20ac \/ p\u00e4iv\u00e4).<\/p>\n\n\n\n<p><strong>Osallistumishinta:<\/strong> 150 euroa + alv 25,5 % \/ yksi luukku eli p\u00e4iv\u00e4<br><strong>Kampanja-aika: <\/strong>1.12.\u2014 23.12.2025 (tarjolla 23 yritykselle)<br><strong>Kilpailupaikkojen varaus viimeist\u00e4\u00e4n: <\/strong>ma 17.11.2025, paikat varataan ilmoittautumisj\u00e4rjestyksess\u00e4.<\/p>\n\n\n\n<p><strong>L\u00e4hde mukaan kampanjaan: <\/strong>Ilmoittautumislomake on sivun alaosassa!<\/p>\n\n\n\n<hr class=\"wp-block-separator has-alpha-channel-opacity\" \/>\n\n\n\n<h2 class=\"wp-block-heading\">JOULUNAVAUS JA JOULUPARAATI <\/h2>\n\n\n\n<p class=\"has-white-color has-green-background-color has-text-color has-background has-link-color wp-elements-6bcff7b3270a8db47ca9f50503e9c214\"><strong>Perinteinen joulunavaus j\u00e4rjestet\u00e4\u00e4n lauantaina 22.11.2025  klo 16<\/strong> <strong>alkaen<\/strong><\/p>\n\n\n\n<p>Joulu on yhdess\u00e4 tekemisen ja toisten auttamisen aikaa. T\u00e4n\u00e4 vuonna vaalimme yhteen kokoontumista panostaen paraatiin entist\u00e4 enemm\u00e4n. Tehd\u00e4\u00e4n Tampereen n\u00e4k\u00f6inen ja kokoinen paraati, joka j\u00e4\u00e4 muistoihin! Ohjelmassa on paraatin lis\u00e4ksi tapahtumaa Keskustorilla.<\/p>\n\n\n\n<p>Tule mukaan levitt\u00e4m\u00e4\u00e4n hyv\u00e4\u00e4 mielt\u00e4 ja ker\u00e4\u00e4 yrityksen jouluinen porukka mukaan pukkiparaatiin! Vaihtoehtoisesti voit tukea esimerkiksi urheiluseuraa tai kulttuurin tekij\u00e4\u00e4 tilaamalla paraatiedustuksen heilt\u00e4. (Varaa esimerkiksi urheilullinen esitys oman yrityksenne logopaidoilla, tilaa komeaa paraatirekvisiittaa tai kutsu mukaan iloisia lapsitonttuja &#8211; kysy ideoita ja yhteystietoja: joulu (at) tamperetunnetuksi.fi) <\/p>\n\n\n\n<ul class=\"wp-block-list\">\n<li>Paraatiin voivat tulla mukaan yhteis\u00f6t, harrasteporukat tai yrityksen edustajat.<\/li>\n\n\n\n<li>Ryhm\u00e4n koko v\u00e4hint\u00e4\u00e4n 6 henkil\u00f6\u00e4 \/ el\u00e4int\u00e4.<\/li>\n\n\n\n<li>Iloinen joulumieli ja jokin valoelementti tulee n\u00e4ky\u00e4!<\/li>\n\n\n\n<li>Jokainen ryhm\u00e4 saa kannettavakseen kyltin, jossa lukee yrityksen nimi.<\/li>\n<\/ul>\n\n\n\n<p><strong>Ilmoittautuminen paraatiin :<\/strong>viimeist\u00e4\u00e4n maanantaihin 10.11.2025 menness\u00e4.<\/p>\n\n\n\n<h4 class=\"wp-block-heading\"><mark style=\"background-color:#fff\" class=\"has-inline-color has-blue-color\">Voit valita ne tuotteet joka haluat, tai kaikki kerralla t\u00e4ll\u00e4 yhdell\u00e4 lomakkeella:<\/mark><\/h4>\n\n\n\n","protected":false},"excerpt":{"rendered":"<p>LOMAKE-ILMOITTAUTUMINEN P\u00c4\u00c4TTYNYT OTA YHTEYTT\u00c4 KAUPALLISEEN TUOTTAJAAN HENKIL\u00d6KOHTAISESTI Tampere Tunnetuksi ry:n kutsuu kaikkia j\u00e4seni\u00e4\u00e4n kampanjoimaan tulevana joulusesonkina 2025! Luodaan j\u00e4lleen yhdess\u00e4 kutsuva tunnelmallinen Tampereen ydinkeskusta, jossa on kiinnostavia tapahtumia ja mielenkiintoisia ostoskohteita. Joulun 2025 markkinointikokonaisuus koostuu seuraavista: KAUNEIN JOULUIKKUNA 2025-kilpailu Aikaisempinakin vuosina toteutettu kampanja kutsuu ihmisi\u00e4 k\u00e4velylle ja kurkkaamaan kivijalkaliikkeiden ikkunoita. T\u00e4m\u00e4 on mahdollisuus l\u00f6yt\u00e4\u00e4 uusia [&hellip;]<\/p>\n","protected":false},"author":5,"featured_media":583,"parent":0,"menu_order":0,"comment_status":"closed","ping_status":"closed","template":"","meta":{"_acf_changed":false,"content-type":"","footnotes":""},"class_list":["post-1412","page","type-page","status-publish","has-post-thumbnail","hentry"],"acf":[],"aioseo_notices":[],"_links":{"self":[{"href":"https:\/\/rakastampere.fi\/jasenille\/wp-json\/wp\/v2\/pages\/1412","targetHints":{"allow":["GET"]}}],"collection":[{"href":"https:\/\/rakastampere.fi\/jasenille\/wp-json\/wp\/v2\/pages"}],"about":[{"href":"https:\/\/rakastampere.fi\/jasenille\/wp-json\/wp\/v2\/types\/page"}],"author":[{"embeddable":true,"href":"https:\/\/rakastampere.fi\/jasenille\/wp-json\/wp\/v2\/users\/5"}],"replies":[{"embeddable":true,"href":"https:\/\/rakastampere.fi\/jasenille\/wp-json\/wp\/v2\/comments?post=1412"}],"version-history":[{"count":30,"href":"https:\/\/rakastampere.fi\/jasenille\/wp-json\/wp\/v2\/pages\/1412\/revisions"}],"predecessor-version":[{"id":1797,"href":"https:\/\/rakastampere.fi\/jasenille\/wp-json\/wp\/v2\/pages\/1412\/revisions\/1797"}],"wp:featuredmedia":[{"embeddable":true,"href":"https:\/\/rakastampere.fi\/jasenille\/wp-json\/wp\/v2\/media\/583"}],"wp:attachment":[{"href":"https:\/\/rakastampere.fi\/jasenille\/wp-json\/wp\/v2\/media?parent=1412"}],"curies":[{"name":"wp","href":"https:\/\/api.w.org\/{rel}","templated":true}]}}

<figure class="wp-block-image size-full is-style-default"><img loading="lazy" decoding="async" width="1300" height="867" src="https://rakastampere.fi/jasenille/wp-content/uploads/sites/2/2025/04/joulunavaus_25_S.jpg" alt="" class="wp-image-1423" srcset="https://rakastampere.fi/jasenille/wp-content/uploads/sites/2/2025/04/joulunavaus_25_S.jpg 1300w, https://rakastampere.fi/jasenille/wp-content/uploads/sites/2/2025/04/joulunavaus_25_S-800x534.jpg 800w, https://rakastampere.fi/jasenille/wp-content/uploads/sites/2/2025/04/joulunavaus_25_S-1024x683.jpg 1024w, https://rakastampere.fi/jasenille/wp-content/uploads/sites/2/2025/04/joulunavaus_25_S-768x512.jpg 768w, https://rakastampere.fi/jasenille/wp-content/uploads/sites/2/2025/04/joulunavaus_25_S-1200x800.jpg 1200w" sizes="auto, (max-width: 1300px) 100vw, 1300px" /><figcaption class="wp-element-caption">Vuonna 2024 Joulutorilla kävi joulunavaus -päivänä 35 000 kävijää.</figcaption></figure>



<p class="has-white-color has-blue-background-color has-text-color has-background has-link-color has-medium-font-size wp-elements-60a467825d88b0bc704e488859957e74">LOMAKE-ILMOITTAUTUMINEN PÄÄTTYNYT </p>



<p class="has-white-color has-blue-background-color has-text-color has-background has-link-color has-medium-font-size wp-elements-8469d47519e81e4b6345f7c37cc70641">OTA YHTEYTTÄ KAUPALLISEEN TUOTTAJAAN HENKILÖKOHTAISESTI</p>



<h5 class="wp-block-heading"><strong>Tampere Tunnetuksi ry:n kutsuu kaikkia jäseniään kampanjoimaan tulevana joulusesonkina 2025! </strong></h5>



<p>Luodaan jälleen yhdessä kutsuva tunnelmallinen Tampereen ydinkeskusta, jossa on kiinnostavia tapahtumia ja mielenkiintoisia ostoskohteita. </p>



<p><strong>Joulun 2025 markkinointikokonaisuus koostuu seuraavista:</strong></p>



<ul class="wp-block-list">
<li>Kaunein Jouluikkuna -kilpailusta (150 € +alv)</li>



<li>Sosiaalisen median suositusta joulukalenteriarvonnasta (150 € + alv)</li>



<li>Perinteisestä joulunavauksesta ja jouluparaatista lauantaina 22.11.2025 (0 €)</li>
</ul>



<h2 class="wp-block-heading">KAUNEIN JOULUIKKUNA 2025-kilpailu</h2>


<div class="wp-block-image is-style-rounded">
<figure class="aligncenter size-large is-resized"><img loading="lazy" decoding="async" width="1024" height="1024" src="https://rakastampere.fi/jasenille/wp-content/uploads/sites/2/2025/05/kauneinjouluikkuna2025_tausta_logo_some_nelio-1024x1024.jpg" alt="" class="wp-image-1560" style="width:533px;height:auto" srcset="https://rakastampere.fi/jasenille/wp-content/uploads/sites/2/2025/05/kauneinjouluikkuna2025_tausta_logo_some_nelio-1024x1024.jpg 1024w, https://rakastampere.fi/jasenille/wp-content/uploads/sites/2/2025/05/kauneinjouluikkuna2025_tausta_logo_some_nelio-800x800.jpg 800w, https://rakastampere.fi/jasenille/wp-content/uploads/sites/2/2025/05/kauneinjouluikkuna2025_tausta_logo_some_nelio-768x768.jpg 768w, https://rakastampere.fi/jasenille/wp-content/uploads/sites/2/2025/05/kauneinjouluikkuna2025_tausta_logo_some_nelio-160x160.jpg 160w, https://rakastampere.fi/jasenille/wp-content/uploads/sites/2/2025/05/kauneinjouluikkuna2025_tausta_logo_some_nelio-1200x1200.jpg 1200w, https://rakastampere.fi/jasenille/wp-content/uploads/sites/2/2025/05/kauneinjouluikkuna2025_tausta_logo_some_nelio-600x600.jpg 600w, https://rakastampere.fi/jasenille/wp-content/uploads/sites/2/2025/05/kauneinjouluikkuna2025_tausta_logo_some_nelio.jpg 1400w" sizes="auto, (max-width: 1024px) 100vw, 1024px" /></figure>
</div>


<p class="has-white-color has-green-background-color has-text-color has-background has-link-color wp-elements-eb603c620bd1ef3a7f4e0ea72280e8c9"><strong>Aikaisempinakin vuosina toteutettu kampanja kutsuu ihmisiä kävelylle ja kurkkaamaan kivijalkaliikkeiden ikkunoita. Tämä on mahdollisuus löytää uusia asiakkaita! </strong></p>



<p><strong>Mikä Kaunein Jouluikkuna?</strong> <br>Leikkimielinen kilpailu Tampereen keskustan yrityksien jouluisten näyteikkunoiden välillä! <br>Kaunein Jouluikkuna kilpailuun voi ilmoittautua mukaan Tampere Tunnetuksi ry:n jäsenet ja DesignOnTampere ry:n karttaliikkeet.</p>



<ul class="wp-block-list">
<li>Yleisöäänestyksen lisäksi asiantuntijaraati valitsee oman suosikkinsa.</li>



<li>Voitokas ikkuna kilpailee valtakunnallisessa jouluikkunakisassa. </li>



<li>Yleisöäänestyksen ja raadin suosikista tehdään mediatiedote ja artikkeli <a href="https://rakastampere.fi/blog/stockmannilla-on-kaunein-jouluikkuna-2024/" title="Rakas Tampere-verkkosivuille">Rakas Tampere-verkkosivuille</a>. </li>
</ul>



<p>Osallistujille tehdään numeroidut tarrat ikkunoihin ja kilpailua markkinoidaan sosiaalisessa mediassa sekä kilpailusta tiedotetaan medioita. Osallistujaikkunat käydään kuvaamassa ammattilaisen toimesta juuri ennen julkistusta, kuvat otetaan rakastampere.fi -verkkosivuille äänestyslomaketta varten. Osallistujayritykset viedään taittajan tekemään karttakuvaan ja listataan karttaan, jonka voi laittaa omille sivuille. </p>



<p>Äänestyslomakkeelle omat yhteystietonsa jättäneiden kesken arvotaan 250 euron arvoinen lahjakortti, jonka voittaja saa valita, että mihin keskustan yritykseen sen haluaa. Rajoitteena on, että yrityksen pitää olla mukana Kaunein jouluikkuna -kilpailussa. Tampere Tunnetuksi maksaa palkinnon arvontaveron.</p>



<p><strong>Osallistumishinta:</strong> 150 euroa + alv 25,5 % / yritys<br><strong>Kampanja-aika</strong>: la 22.11.— su 14.12.2025<br><strong>Kilpailupaikkojen varaus dl:</strong> ma 3.11.2025 (tärkeää tarrojen painoa ja jakelua varten)<br><br><strong>Lähde mukaan kampanjaan:</strong> Ilmoittautumislomake on sivun alaosassa.</p>



<hr class="wp-block-separator has-alpha-channel-opacity" />



<h2 class="wp-block-heading"><strong>JOULUKALENTERI -arvonnat</strong></h2>



<p class="has-white-color has-green-background-color has-text-color has-background has-link-color wp-elements-4a9912dd924b2f85bb74fd5f568e4751"><strong>Aikaisempina vuosina toteutettu joulukalenteri toteutetaan myös tänä vuonna! Kalenteripaikkoja on 23 ja paikat täytetään ilmoittautumisjärjestyksessä.</strong></p>



<p>Suosittu kalenteri on saanut ihmisiä aktivoitumaan sosiaalisessa mediassa runsain mitoin ja se on yritykselle paikka kertoa itsestään. Kalenteri toteutetaan Rakas Tampereen Facebook– ja Instagram-kanavilla.</p>



<p>Kilpailuun osallistuminen: ilmoittaudu mukaan ja lähetä kaupalliselle tuottajalle yrityksesi näköinen kalenterikuva ja arvontatekstin perussisältö sähköpostilla. Tampere Tunnetuksi (Rakas Tampere) huolehtii postaukset ja markkinoi joulukalenteria. Tampere Tunnetuksi ry:n kaupallinen tuottaja ilmoittaa voittajasta yritykselle. <strong>Yritys toimittaa palkinnon voittajalle ITSE</strong> sopivaksi katsomallaan keinolla. Tampere Tunnetuksi ry maksaa arvontaverot (laskennallinen arvo on 50 € / päivä).</p>



<p><strong>Osallistumishinta:</strong> 150 euroa + alv 25,5 % / yksi luukku eli päivä<br><strong>Kampanja-aika: </strong>1.12.— 23.12.2025 (tarjolla 23 yritykselle)<br><strong>Kilpailupaikkojen varaus viimeistään: </strong>ma 17.11.2025, paikat varataan ilmoittautumisjärjestyksessä.</p>



<p><strong>Lähde mukaan kampanjaan: </strong>Ilmoittautumislomake on sivun alaosassa!</p>



<hr class="wp-block-separator has-alpha-channel-opacity" />



<h2 class="wp-block-heading">JOULUNAVAUS JA JOULUPARAATI </h2>



<p class="has-white-color has-green-background-color has-text-color has-background has-link-color wp-elements-6bcff7b3270a8db47ca9f50503e9c214"><strong>Perinteinen joulunavaus järjestetään lauantaina 22.11.2025  klo 16</strong> <strong>alkaen</strong></p>



<p>Joulu on yhdessä tekemisen ja toisten auttamisen aikaa. Tänä vuonna vaalimme yhteen kokoontumista panostaen paraatiin entistä enemmän. Tehdään Tampereen näköinen ja kokoinen paraati, joka jää muistoihin! Ohjelmassa on paraatin lisäksi tapahtumaa Keskustorilla.</p>



<p>Tule mukaan levittämään hyvää mieltä ja kerää yrityksen jouluinen porukka mukaan pukkiparaatiin! Vaihtoehtoisesti voit tukea esimerkiksi urheiluseuraa tai kulttuurin tekijää tilaamalla paraatiedustuksen heiltä. (Varaa esimerkiksi urheilullinen esitys oman yrityksenne logopaidoilla, tilaa komeaa paraatirekvisiittaa tai kutsu mukaan iloisia lapsitonttuja &#8211; kysy ideoita ja yhteystietoja: joulu (at) tamperetunnetuksi.fi) </p>



<ul class="wp-block-list">
<li>Paraatiin voivat tulla mukaan yhteisöt, harrasteporukat tai yrityksen edustajat.</li>



<li>Ryhmän koko vähintään 6 henkilöä / eläintä.</li>



<li>Iloinen joulumieli ja jokin valoelementti tulee näkyä!</li>



<li>Jokainen ryhmä saa kannettavakseen kyltin, jossa lukee yrityksen nimi.</li>
</ul>



<p><strong>Ilmoittautuminen paraatiin :</strong>viimeistään maanantaihin 10.11.2025 mennessä.</p>



<h4 class="wp-block-heading"><mark style="background-color:#fff" class="has-inline-color has-blue-color">Voit valita ne tuotteet joka haluat, tai kaikki kerralla tällä yhdellä lomakkeella:</mark></h4>

<p>LOMAKE-ILMOITTAUTUMINEN PÄÄTTYNYT OTA YHTEYTTÄ KAUPALLISEEN TUOTTAJAAN HENKILÖKOHTAISESTI Tampere Tunnetuksi ry:n kutsuu kaikkia jäseniään kampanjoimaan tulevana joulusesonkina 2025! Luodaan jälleen yhdessä kutsuva tunnelmallinen Tampereen ydinkeskusta, jossa on kiinnostavia tapahtumia ja mielenkiintoisia ostoskohteita. Joulun 2025 markkinointikokonaisuus koostuu seuraavista: KAUNEIN JOULUIKKUNA 2025-kilpailu Aikaisempinakin vuosina toteutettu kampanja kutsuu ihmisiä kävelylle ja kurkkaamaan kivijalkaliikkeiden ikkunoita. Tämä on mahdollisuus löytää uusia [&hellip;]</p>
