{"id":1263,"date":"2025-02-06T13:41:54","date_gmt":"2025-02-06T11:41:54","guid":{"rendered":"https:\/\/rakastampere.fi\/jasenille\/?page_id=1263"},"modified":"2025-09-24T14:52:05","modified_gmt":"2025-09-24T11:52:05","slug":"rakas-tampere-juhannuskalenteri-2025","status":"publish","type":"page","link":"https:\/\/rakastampere.fi\/jasenille\/rakas-tampere-juhannuskalenteri-2025\/","title":{"rendered":"Rakas Tampere Juhannuskalenteri 2025"},"content":{"rendered":"\n<p><strong>L\u00e4hde mukaan Rakas Tampereen Juhannuskalenteriin! Askeleet kes\u00e4\u00e4n otetaan Rakas Tampereen sosiaalisen median tileill\u00e4 Facebookissa ja Instagramissa. Yhteens\u00e4 19 kalenteriluukkua (1.6.-19.6.) avataan p\u00e4ivitt\u00e4in joulukuulta tutun arvontakalenterin tavoin. <\/strong><\/p>\n\n\n\n<p>Rakas Tampereen joulukalenteri on saanut ihmisi\u00e4 aktivoitumaan sosiaalisessa mediassa runsaasti. Kyseess\u00e4 on p\u00e4ivitt\u00e4in julkaistava arvonta, jonka kommentointim\u00e4\u00e4r\u00e4t kulkevat useissa sadoissa per kanava. Miksi j\u00e4tt\u00e4isimme tavan vain jouluun, tempaistaan sama kampanjointi my\u00f6s juhannuksen alle! Monillehan se tarkoittaa my\u00f6s lomien alkua.<\/p>\n\n\n\n<p class=\"has-white-color has-green-background-color has-text-color has-background has-link-color has-medium-font-size wp-elements-da83949a77c7f7bccefca9194e3ba642\"><strong>Arvontap\u00e4iv\u00e4n\u00e4\u00e4n j\u00e4senyritys saa kertoa itsest\u00e4\u00e4n, tuotteistaan tai tapahtumistaan yleisesti tai tulevaa kes\u00e4\u00e4 silm\u00e4ll\u00e4 pit\u00e4en. <\/strong><\/p>\n\n\n\n<p>JUHANNUSKALENTERIIN OSALLISTUMINEN: ilmoittaudu mukaan oheisella lomakkeella ja l\u00e4het\u00e4 tuottajalle yrityksesi n\u00e4k\u00f6inen kalenterikuva ja arvontatekstin perussis\u00e4lt\u00f6 sek\u00e4 yleist\u00e4 tietoa yrityksest\u00e4si tai tapahtumasta, jota haluat arvonnassa promota. Yhdistys hoitaa arvonnan sosiaalisen median kautta. Yhdistys ilmoittaa voittajasta yritykselle, joka toimittaa palkinnon edelleen itse voittajalle tai palkinto on esimerkiksi s\u00e4hk\u00f6postitse l\u00e4hetett\u00e4v\u00e4 lahjakortti tai tapahtumalippu, jonka tuottaja voi itsekin l\u00e4hett\u00e4\u00e4 voittajalle. <\/p>\n\n\n<div class=\"wp-block-image is-style-default\">\n<figure class=\"aligncenter size-large is-resized\"><img loading=\"lazy\" decoding=\"async\" width=\"1024\" height=\"576\" src=\"https:\/\/rakastampere.fi\/jasenille\/wp-content\/uploads\/sites\/2\/2025\/03\/passi_juhannuskalenteri_laajakuva-1-1024x576.jpg\" alt=\"\" class=\"wp-image-1315\" style=\"width:823px;height:auto\" srcset=\"https:\/\/rakastampere.fi\/jasenille\/wp-content\/uploads\/sites\/2\/2025\/03\/passi_juhannuskalenteri_laajakuva-1-1024x576.jpg 1024w, https:\/\/rakastampere.fi\/jasenille\/wp-content\/uploads\/sites\/2\/2025\/03\/passi_juhannuskalenteri_laajakuva-1-800x450.jpg 800w, https:\/\/rakastampere.fi\/jasenille\/wp-content\/uploads\/sites\/2\/2025\/03\/passi_juhannuskalenteri_laajakuva-1-768x432.jpg 768w, https:\/\/rakastampere.fi\/jasenille\/wp-content\/uploads\/sites\/2\/2025\/03\/passi_juhannuskalenteri_laajakuva-1-1536x864.jpg 1536w, https:\/\/rakastampere.fi\/jasenille\/wp-content\/uploads\/sites\/2\/2025\/03\/passi_juhannuskalenteri_laajakuva-1-1200x675.jpg 1200w, https:\/\/rakastampere.fi\/jasenille\/wp-content\/uploads\/sites\/2\/2025\/03\/passi_juhannuskalenteri_laajakuva-1.jpg 1920w\" sizes=\"auto, (max-width: 1024px) 100vw, 1024px\" \/><\/figure>\n<\/div>\n\n\n<p>Huomioithan, ett\u00e4 arvonnan j\u00e4rjest\u00e4minen kustantaa aina<a href=\"https:\/\/rakastampere.fi\/jasenille\/jarjesta-arpajaiset-oikein\/\" title=\"\"> arvontaveron<\/a>. Yhdistys maksaa veron osallistujien puolesta. T\u00e4st\u00e4 syyst\u00e4 arvontavoittojen tulisi olla noin 30-70\u20ac arvoltaan.<\/p>\n\n\n\n<p>Osallistumishinta:<\/p>\n\n\n\n<p><strong>150 \u20ac + alv 25,5%<br>Kampanja-aika: 1.6.\u2014 19.6.2025<br>Kilpailupaikkojen varaus viimeist\u00e4\u00e4n: 17.05.2025. Paikkoja on 19. <\/strong><\/p>\n\n\n\n<p>HUOM! J\u00e4\u00e4 tarkistamaan sivustolta, ett\u00e4 lomake varmasti l\u00e4hti. Jos pakollisia tietoja ei ole t\u00e4ytetty, j\u00e4rjestelm\u00e4 osoittaa kohtaa punaisella.<\/p>\n\n\n\n","protected":false},"excerpt":{"rendered":"<p>L\u00e4hde mukaan Rakas Tampereen Juhannuskalenteriin! Askeleet kes\u00e4\u00e4n otetaan Rakas Tampereen sosiaalisen median tileill\u00e4 Facebookissa ja Instagramissa. Yhteens\u00e4 19 kalenteriluukkua (1.6.-19.6.) avataan p\u00e4ivitt\u00e4in joulukuulta tutun arvontakalenterin tavoin. Rakas Tampereen joulukalenteri on saanut ihmisi\u00e4 aktivoitumaan sosiaalisessa mediassa runsaasti. Kyseess\u00e4 on p\u00e4ivitt\u00e4in julkaistava arvonta, jonka kommentointim\u00e4\u00e4r\u00e4t kulkevat useissa sadoissa per kanava. Miksi j\u00e4tt\u00e4isimme tavan vain jouluun, tempaistaan sama [&hellip;]<\/p>\n","protected":false},"author":5,"featured_media":1312,"parent":0,"menu_order":0,"comment_status":"closed","ping_status":"closed","template":"","meta":{"_acf_changed":false,"content-type":"","footnotes":""},"class_list":["post-1263","page","type-page","status-publish","has-post-thumbnail","hentry"],"acf":[],"aioseo_notices":[],"_links":{"self":[{"href":"https:\/\/rakastampere.fi\/jasenille\/wp-json\/wp\/v2\/pages\/1263","targetHints":{"allow":["GET"]}}],"collection":[{"href":"https:\/\/rakastampere.fi\/jasenille\/wp-json\/wp\/v2\/pages"}],"about":[{"href":"https:\/\/rakastampere.fi\/jasenille\/wp-json\/wp\/v2\/types\/page"}],"author":[{"embeddable":true,"href":"https:\/\/rakastampere.fi\/jasenille\/wp-json\/wp\/v2\/users\/5"}],"replies":[{"embeddable":true,"href":"https:\/\/rakastampere.fi\/jasenille\/wp-json\/wp\/v2\/comments?post=1263"}],"version-history":[{"count":11,"href":"https:\/\/rakastampere.fi\/jasenille\/wp-json\/wp\/v2\/pages\/1263\/revisions"}],"predecessor-version":[{"id":1318,"href":"https:\/\/rakastampere.fi\/jasenille\/wp-json\/wp\/v2\/pages\/1263\/revisions\/1318"}],"wp:featuredmedia":[{"embeddable":true,"href":"https:\/\/rakastampere.fi\/jasenille\/wp-json\/wp\/v2\/media\/1312"}],"wp:attachment":[{"href":"https:\/\/rakastampere.fi\/jasenille\/wp-json\/wp\/v2\/media?parent=1263"}],"curies":[{"name":"wp","href":"https:\/\/api.w.org\/{rel}","templated":true}]}}

<p><strong>Lähde mukaan Rakas Tampereen Juhannuskalenteriin! Askeleet kesään otetaan Rakas Tampereen sosiaalisen median tileillä Facebookissa ja Instagramissa. Yhteensä 19 kalenteriluukkua (1.6.-19.6.) avataan päivittäin joulukuulta tutun arvontakalenterin tavoin. </strong></p>



<p>Rakas Tampereen joulukalenteri on saanut ihmisiä aktivoitumaan sosiaalisessa mediassa runsaasti. Kyseessä on päivittäin julkaistava arvonta, jonka kommentointimäärät kulkevat useissa sadoissa per kanava. Miksi jättäisimme tavan vain jouluun, tempaistaan sama kampanjointi myös juhannuksen alle! Monillehan se tarkoittaa myös lomien alkua.</p>



<p class="has-white-color has-green-background-color has-text-color has-background has-link-color has-medium-font-size wp-elements-da83949a77c7f7bccefca9194e3ba642"><strong>Arvontapäivänään jäsenyritys saa kertoa itsestään, tuotteistaan tai tapahtumistaan yleisesti tai tulevaa kesää silmällä pitäen. </strong></p>



<p>JUHANNUSKALENTERIIN OSALLISTUMINEN: ilmoittaudu mukaan oheisella lomakkeella ja lähetä tuottajalle yrityksesi näköinen kalenterikuva ja arvontatekstin perussisältö sekä yleistä tietoa yrityksestäsi tai tapahtumasta, jota haluat arvonnassa promota. Yhdistys hoitaa arvonnan sosiaalisen median kautta. Yhdistys ilmoittaa voittajasta yritykselle, joka toimittaa palkinnon edelleen itse voittajalle tai palkinto on esimerkiksi sähköpostitse lähetettävä lahjakortti tai tapahtumalippu, jonka tuottaja voi itsekin lähettää voittajalle. </p>


<div class="wp-block-image is-style-default">
<figure class="aligncenter size-large is-resized"><img loading="lazy" decoding="async" width="1024" height="576" src="https://rakastampere.fi/jasenille/wp-content/uploads/sites/2/2025/03/passi_juhannuskalenteri_laajakuva-1-1024x576.jpg" alt="" class="wp-image-1315" style="width:823px;height:auto" srcset="https://rakastampere.fi/jasenille/wp-content/uploads/sites/2/2025/03/passi_juhannuskalenteri_laajakuva-1-1024x576.jpg 1024w, https://rakastampere.fi/jasenille/wp-content/uploads/sites/2/2025/03/passi_juhannuskalenteri_laajakuva-1-800x450.jpg 800w, https://rakastampere.fi/jasenille/wp-content/uploads/sites/2/2025/03/passi_juhannuskalenteri_laajakuva-1-768x432.jpg 768w, https://rakastampere.fi/jasenille/wp-content/uploads/sites/2/2025/03/passi_juhannuskalenteri_laajakuva-1-1536x864.jpg 1536w, https://rakastampere.fi/jasenille/wp-content/uploads/sites/2/2025/03/passi_juhannuskalenteri_laajakuva-1-1200x675.jpg 1200w, https://rakastampere.fi/jasenille/wp-content/uploads/sites/2/2025/03/passi_juhannuskalenteri_laajakuva-1.jpg 1920w" sizes="auto, (max-width: 1024px) 100vw, 1024px" /></figure>
</div>


<p>Huomioithan, että arvonnan järjestäminen kustantaa aina<a href="https://rakastampere.fi/jasenille/jarjesta-arpajaiset-oikein/" title=""> arvontaveron</a>. Yhdistys maksaa veron osallistujien puolesta. Tästä syystä arvontavoittojen tulisi olla noin 30-70€ arvoltaan.</p>



<p>Osallistumishinta:</p>



<p><strong>150 € + alv 25,5%<br>Kampanja-aika: 1.6.— 19.6.2025<br>Kilpailupaikkojen varaus viimeistään: 17.05.2025. Paikkoja on 19. </strong></p>



<p>HUOM! Jää tarkistamaan sivustolta, että lomake varmasti lähti. Jos pakollisia tietoja ei ole täytetty, järjestelmä osoittaa kohtaa punaisella.</p>

<p>Lähde mukaan Rakas Tampereen Juhannuskalenteriin! Askeleet kesään otetaan Rakas Tampereen sosiaalisen median tileillä Facebookissa ja Instagramissa. Yhteensä 19 kalenteriluukkua (1.6.-19.6.) avataan päivittäin joulukuulta tutun arvontakalenterin tavoin. Rakas Tampereen joulukalenteri on saanut ihmisiä aktivoitumaan sosiaalisessa mediassa runsaasti. Kyseessä on päivittäin julkaistava arvonta, jonka kommentointimäärät kulkevat useissa sadoissa per kanava. Miksi jättäisimme tavan vain jouluun, tempaistaan sama [&hellip;]</p>
