{"id":118,"date":"2023-05-09T14:11:44","date_gmt":"2023-05-09T11:11:44","guid":{"rendered":"https:\/\/rakastampere.fi\/jasenille\/?page_id=118"},"modified":"2025-04-23T13:32:03","modified_gmt":"2025-04-23T10:32:03","slug":"yhteismarkkinointi","status":"publish","type":"page","link":"https:\/\/rakastampere.fi\/jasenille\/yhteismarkkinointi\/","title":{"rendered":"Yhteismarkkinointi"},"content":{"rendered":"\n<p>Tampere Tunnetuksi ry:n t\u00e4rke\u00e4\u00e4 toimintaa on keskustan ja sen alueen yritysten yhteismarkkinointi. <\/p>\n\n\n\n<p>Yhteismarkkinointiin p\u00e4\u00e4see mukaan tilaamalla yritykselleen n\u00e4kyyden Rakas Tampere Passiin sek\u00e4 tulemalla mukaan kampanjoihin haluamallaan laajuudella.<\/p>\n\n\n\n<p>Yhteismarkkinointia toteutetaan <a href=\"https:\/\/rakastampere.fi\" target=\"_blank\" rel=\"noopener\" title=\"\">Rakas Tampere -br\u00e4ndill\u00e4<\/a> ja markkinointia ovat:<\/p>\n\n\n\n<ul class=\"wp-block-list\">\n<li>Rakas Tampere <a href=\"https:\/\/rakastampere.fi\/jasenille\/passi\/\" title=\"Passi\">Passi<\/a> (t\u00e4rkein elementti keskustan yrityksille, hinta alkaen vain 150e \/ vuosi + alv)<\/li>\n\n\n\n<li>Rakas Tampere kes\u00e4n <a href=\"https:\/\/rakastampere.fi\/jasenille\/rakas-tampere-juhannuskalenteri-2025\/\" target=\"_blank\" rel=\"noopener\" title=\"\">juhannuskalenteri<\/a> (some)<\/li>\n\n\n\n<li>Osta yrityksellesi Rakas Tampere <a href=\"https:\/\/rakastampere.fi\/jasenille\/rakas-tampere-some\/\" target=\"_blank\" rel=\"noopener\" title=\"\">somea<\/a> <\/li>\n\n\n\n<li><a href=\"https:\/\/rakastampere.fi\/jasenille\/joulu2025\/\" target=\"_blank\" rel=\"noopener\" title=\"\">Joulun aika 2025<\/a>: Kaunein Jouluikkuna, Joulun avaus lauantaina 22.11.2025, Joulukalenteri (some)<\/li>\n<\/ul>\n\n\n\n<p>Keskustan yrityksien yhteismarkkinoinnin sis\u00e4ll\u00f6ist\u00e4 vastaa <a href=\"https:\/\/rakastampere.fi\/jasenille\/yhteys\/\" target=\"_blank\" rel=\"noopener\" title=\"\">kaupallinen tuottaja.<\/a><br>Ota rohkeasti yhteytt\u00e4 kun haluat varata omalle yritykselle hyv\u00e4t paikat! <\/p>\n\n\n\n<figure class=\"wp-block-image size-large\"><a href=\"https:\/\/rakastampere.fi\"><img loading=\"lazy\" decoding=\"async\" width=\"1024\" height=\"1024\" src=\"https:\/\/rakastampere.fi\/jasenille\/wp-content\/uploads\/sites\/2\/2023\/09\/rakastampere_leima_valkoinen_rgb-1024x1024.png\" alt=\"\" class=\"wp-image-489\" srcset=\"https:\/\/rakastampere.fi\/jasenille\/wp-content\/uploads\/sites\/2\/2023\/09\/rakastampere_leima_valkoinen_rgb-1024x1024.png 1024w, https:\/\/rakastampere.fi\/jasenille\/wp-content\/uploads\/sites\/2\/2023\/09\/rakastampere_leima_valkoinen_rgb-800x800.png 800w, https:\/\/rakastampere.fi\/jasenille\/wp-content\/uploads\/sites\/2\/2023\/09\/rakastampere_leima_valkoinen_rgb-768x768.png 768w, https:\/\/rakastampere.fi\/jasenille\/wp-content\/uploads\/sites\/2\/2023\/09\/rakastampere_leima_valkoinen_rgb-160x160.png 160w, https:\/\/rakastampere.fi\/jasenille\/wp-content\/uploads\/sites\/2\/2023\/09\/rakastampere_leima_valkoinen_rgb-600x600.png 600w, https:\/\/rakastampere.fi\/jasenille\/wp-content\/uploads\/sites\/2\/2023\/09\/rakastampere_leima_valkoinen_rgb.png 1200w\" sizes=\"auto, (max-width: 1024px) 100vw, 1024px\" \/><\/a><\/figure>\n\n\n\n<p><\/p>\n","protected":false},"excerpt":{"rendered":"<p>Tampere Tunnetuksi ry:n t\u00e4rke\u00e4\u00e4 toimintaa on keskustan ja sen alueen yritysten yhteismarkkinointi. Yhteismarkkinointiin p\u00e4\u00e4see mukaan tilaamalla yritykselleen n\u00e4kyyden Rakas Tampere Passiin sek\u00e4 tulemalla mukaan kampanjoihin haluamallaan laajuudella. Yhteismarkkinointia toteutetaan Rakas Tampere -br\u00e4ndill\u00e4 ja markkinointia ovat: Keskustan yrityksien yhteismarkkinoinnin sis\u00e4ll\u00f6ist\u00e4 vastaa kaupallinen tuottaja.Ota rohkeasti yhteytt\u00e4 kun haluat varata omalle yritykselle hyv\u00e4t paikat!<\/p>\n","protected":false},"author":3,"featured_media":0,"parent":0,"menu_order":0,"comment_status":"closed","ping_status":"closed","template":"","meta":{"_acf_changed":false,"content-type":"","footnotes":""},"class_list":["post-118","page","type-page","status-publish","hentry"],"acf":[],"aioseo_notices":[],"_links":{"self":[{"href":"https:\/\/rakastampere.fi\/jasenille\/wp-json\/wp\/v2\/pages\/118","targetHints":{"allow":["GET"]}}],"collection":[{"href":"https:\/\/rakastampere.fi\/jasenille\/wp-json\/wp\/v2\/pages"}],"about":[{"href":"https:\/\/rakastampere.fi\/jasenille\/wp-json\/wp\/v2\/types\/page"}],"author":[{"embeddable":true,"href":"https:\/\/rakastampere.fi\/jasenille\/wp-json\/wp\/v2\/users\/3"}],"replies":[{"embeddable":true,"href":"https:\/\/rakastampere.fi\/jasenille\/wp-json\/wp\/v2\/comments?post=118"}],"version-history":[{"count":9,"href":"https:\/\/rakastampere.fi\/jasenille\/wp-json\/wp\/v2\/pages\/118\/revisions"}],"predecessor-version":[{"id":1434,"href":"https:\/\/rakastampere.fi\/jasenille\/wp-json\/wp\/v2\/pages\/118\/revisions\/1434"}],"wp:attachment":[{"href":"https:\/\/rakastampere.fi\/jasenille\/wp-json\/wp\/v2\/media?parent=118"}],"curies":[{"name":"wp","href":"https:\/\/api.w.org\/{rel}","templated":true}]}}

<p>Tampere Tunnetuksi ry:n tärkeää toimintaa on keskustan ja sen alueen yritysten yhteismarkkinointi. </p>



<p>Yhteismarkkinointiin pääsee mukaan tilaamalla yritykselleen näkyyden Rakas Tampere Passiin sekä tulemalla mukaan kampanjoihin haluamallaan laajuudella.</p>



<p>Yhteismarkkinointia toteutetaan <a href="https://rakastampere.fi" target="_blank" rel="noopener" title="">Rakas Tampere -brändillä</a> ja markkinointia ovat:</p>



<ul class="wp-block-list">
<li>Rakas Tampere <a href="https://rakastampere.fi/jasenille/passi/" title="Passi">Passi</a> (tärkein elementti keskustan yrityksille, hinta alkaen vain 150e / vuosi + alv)</li>



<li>Rakas Tampere kesän <a href="https://rakastampere.fi/jasenille/rakas-tampere-juhannuskalenteri-2025/" target="_blank" rel="noopener" title="">juhannuskalenteri</a> (some)</li>



<li>Osta yrityksellesi Rakas Tampere <a href="https://rakastampere.fi/jasenille/rakas-tampere-some/" target="_blank" rel="noopener" title="">somea</a> </li>



<li><a href="https://rakastampere.fi/jasenille/joulu2025/" target="_blank" rel="noopener" title="">Joulun aika 2025</a>: Kaunein Jouluikkuna, Joulun avaus lauantaina 22.11.2025, Joulukalenteri (some)</li>
</ul>



<p>Keskustan yrityksien yhteismarkkinoinnin sisällöistä vastaa <a href="https://rakastampere.fi/jasenille/yhteys/" target="_blank" rel="noopener" title="">kaupallinen tuottaja.</a><br>Ota rohkeasti yhteyttä kun haluat varata omalle yritykselle hyvät paikat! </p>



<figure class="wp-block-image size-large"><a href="https://rakastampere.fi"><img loading="lazy" decoding="async" width="1024" height="1024" src="https://rakastampere.fi/jasenille/wp-content/uploads/sites/2/2023/09/rakastampere_leima_valkoinen_rgb-1024x1024.png" alt="" class="wp-image-489" srcset="https://rakastampere.fi/jasenille/wp-content/uploads/sites/2/2023/09/rakastampere_leima_valkoinen_rgb-1024x1024.png 1024w, https://rakastampere.fi/jasenille/wp-content/uploads/sites/2/2023/09/rakastampere_leima_valkoinen_rgb-800x800.png 800w, https://rakastampere.fi/jasenille/wp-content/uploads/sites/2/2023/09/rakastampere_leima_valkoinen_rgb-768x768.png 768w, https://rakastampere.fi/jasenille/wp-content/uploads/sites/2/2023/09/rakastampere_leima_valkoinen_rgb-160x160.png 160w, https://rakastampere.fi/jasenille/wp-content/uploads/sites/2/2023/09/rakastampere_leima_valkoinen_rgb-600x600.png 600w, https://rakastampere.fi/jasenille/wp-content/uploads/sites/2/2023/09/rakastampere_leima_valkoinen_rgb.png 1200w" sizes="auto, (max-width: 1024px) 100vw, 1024px" /></a></figure>



<p></p>

<p>Tampere Tunnetuksi ry:n tärkeää toimintaa on keskustan ja sen alueen yritysten yhteismarkkinointi. Yhteismarkkinointiin pääsee mukaan tilaamalla yritykselleen näkyyden Rakas Tampere Passiin sekä tulemalla mukaan kampanjoihin haluamallaan laajuudella. Yhteismarkkinointia toteutetaan Rakas Tampere -brändillä ja markkinointia ovat: Keskustan yrityksien yhteismarkkinoinnin sisällöistä vastaa kaupallinen tuottaja.Ota rohkeasti yhteyttä kun haluat varata omalle yritykselle hyvät paikat!</p>
